CREATE DATABASE IF NOT EXISTS `lemez` DEFAULT CHARACTER SET utf8mb4 COLLATE utf8mb4_hungarian_ci;
USE `lemez`;

CREATE TABLE `album` (
  `az` int(11) NOT NULL,
  `ev` int(11) NOT NULL,
  `eloado` varchar(50) NOT NULL,
  `cim` varchar(50) NOT NULL,
  `kiadoaz` int(11) NOT NULL,
  `link` varchar(100) NOT NULL
) ENGINE=InnoDB DEFAULT CHARSET=utf8mb4 COLLATE=utf8mb4_hungarian_ci;

INSERT INTO `album` (`az`, `ev`, `eloado`, `cim`, `kiadoaz`, `link`) VALUES
(1, 1969, 'Omega', '10000 lépés', 2, 'petofiradio.reblog.hu/top50-omega'),
(2, 1969, 'Illés', 'Illések és pofonok', 2, 'petofiradio.reblog.hu/top50-illes'),
(3, 1973, 'Bergendy Együttes', 'Hét fő (Hétfő)', 2, 'petofiradio.reblog.hu/top50-bergendy'),
(4, 1974, 'Kovács Kati', 'Kovács Kati és az LGT', 2, 'petofiradio.reblog.hu/top50-kovacskati-lgt'),
(5, 1976, 'Fonográf', 'FG-4', 2, 'petofiradio.reblog.hu/top50-fonograf'),
(6, 1977, 'Zorán', 'Zorán', 2, 'petofiradio.reblog.hu/top50-zoran'),
(7, 1977, 'Cseh Tamás - Másik János', 'Levél nővéremnek', 2, 'petofiradio.reblog.hu/top50-cseh-tamas'),
(8, 1977, 'Piramis', 'Piramis', 2, 'petofiradio.reblog.hu/top50-piramis'),
(9, 1979, 'Neoton Família', 'Napraforgó', 2, 'petofiradio.reblog.hu/top50-neoton-familia'),
(10, 1980, 'Bródy János', 'Hungarian Blues', 2, 'petofiradio.reblog.hu/top50-brody-janos'),
(11, 1980, 'Máté Péter', 'Szívhangok', 2, 'petofiradio.reblog.hu/top50-mate-peter'),
(12, 1980, 'Hungária', 'Rock \'N Roll Party', 2, 'petofiradio.reblog.hu/top50-hungaria'),
(13, 1980, 'Locomotiv GT', 'Loksi', 2, 'petofiradio.reblog.hu/top50-lgt'),
(14, 1981, 'Komár László', 'Komár László', 2, 'petofiradio.reblog.hu/top50-komar-laszlo'),
(15, 1981, 'Katona Klári', 'Titkaim', 2, 'petofiradio.reblog.hu/top50-katona-klari'),
(16, 1981, 'Edda Művek', 'EDDA 2', 2, 'petofiradio.reblog.hu/top50-edda'),
(17, 1982, 'V\'Moto Rock', 'Gyertyák', 2, 'petofiradio.reblog.hu/top50-v-moto-rock'),
(18, 1982, 'Hobo Blues Band', 'Oly sokáig voltunk lenn', 2, 'petofiradio.reblog.hu/top50-hbb'),
(19, 1983, 'R-Go', 'R-Go', 2, 'petofiradio.reblog.hu/top50-r-go'),
(20, 1983, 'Dolly Roll', 'Vakáció-ó-ó', 2, 'petofiradio.reblog.hu/top50-dolly-roll'),
(21, 1983, 'A.E. Bizottság', 'Kalandra fel', 2, 'petofiradio.reblog.hu/top50-a-e-bizottsag'),
(22, 1983, 'Bikini', 'Hova lett…', 2, 'petofiradio.reblog.hu/top50-bikini-001'),
(23, 1984, 'P. Mobil', 'Honfoglalás', 2, 'petofiradio.reblog.hu/top50-p-mobil'),
(24, 1984, 'KFT', 'Bál az Operában', 2, 'petofiradio.reblog.hu/top50-kft'),
(25, 1984, 'Deák Bill Gyula', 'Rossz vér', 2, 'petofiradio.reblog.hu/top50-deak-bill'),
(26, 1986, 'Pokolgép', 'Totális Metál', 2, 'petofiradio.reblog.hu/top50-pokolgep'),
(27, 1987, 'Bikini', 'Mondd el', 2, 'petofiradio.reblog.hu/top50-bikini'),
(28, 1987, 'Európa Kiadó', 'Popzene', 2, 'petofiradio.reblog.hu/top50-europa-kiado'),
(29, 1988, 'Vágtázó Halottkémek', 'A Halál móresre tanítása', 15, 'petofiradio.reblog.hu/top-50-vhk'),
(30, 1991, 'Beatrice', 'Utálom az egész XX. századot', 5, 'petofiradio.reblog.hu/top50-beatrice'),
(31, 1991, 'Kispál és a Borz', 'Naphoz Holddal', 9, 'petofiradio.reblog.hu/top50-kispal'),
(32, 1994, 'Republic', 'Disco', 6, 'petofiradio.reblog.hu/top50-republic'),
(33, 1994, 'Ákos', 'Test', 3, 'petofiradio.reblog.hu/top50-akos'),
(34, 1995, 'Animal Cannibals', 'Fehéren fekete, feketén fehér', 4, 'petofiradio.reblog.hu/top50-animal-cannibals'),
(35, 1997, 'Ganxsta Zolee és a Kartel', 'Jégre teszlek', 8, 'petofiradio.reblog.hu/top50-ganxsta'),
(36, 1999, 'Quimby', 'Ékszerelmére', 13, 'petofiradio.reblog.hu/top50-quimby'),
(37, 2000, 'Yonderboi', 'Shallow And Profound', 16, 'petofiradio.reblog.hu/top50-yonderboi'),
(38, 2000, 'Heaven Street Seven', 'Cukor', 4, 'petofiradio.reblog.hu/top50-hs7'),
(39, 2000, 'Hiperkarma', 'Hiperkarma', 7, 'petofiradio.reblog.hu/top50-hiperkarma'),
(40, 2001, 'Tankcsapda', 'Agyarország', 8, 'petofiradio.reblog.hu/top50-tankcsapda'),
(41, 2002, 'Žagar', 'Local Broadcast', 17, 'petofiradio.reblog.hu/top50-zagar'),
(42, 2004, 'Bëlga', 'Jön a Gólem!', 7, 'petofiradio.reblog.hu/top50-belga'),
(43, 2007, 'Suhancos', 'Üzenetrögzítő', 14, 'petofiradio.reblog.hu/top50-suhancos'),
(44, 2007, 'Péterfy Bori & Love Band', 'Péterfy Bori & Love Band', 11, 'petofiradio.reblog.hu/top-50-peterfy-bori'),
(45, 2008, '30Y', 'No. 4', 1, 'petofiradio.reblog.hu/top50-30y'),
(46, 2010, 'Punnany Massif', 'ShenKick', 12, 'petofiradio.reblog.hu/top50-punnany-massif'),
(47, 2010, 'Vad Fruttik', 'Fénystopposok', 11, 'petofiradio.reblog.hu/top50-vad-fruttik'),
(48, 2011, 'Supernem', 'Tudományos Fantasztikus Pop', 7, 'petofiradio.reblog.hu/top50-supernem'),
(49, 1986, 'Muzsikás', 'Nem arról hajnallik, amerről hajnallott ', 2, 'petofiradio.reblog.hu/top50-muzsikas'),
(50, 1999, 'Sub Bass Monster', 'Félre az útból ', 4, 'petofiradio.reblog.hu/top50-sub-bass-monster');

CREATE TABLE `dal` (
  `az` int(11) NOT NULL,
  `albumaz` int(11) NOT NULL,
  `cim` varchar(100) NOT NULL
) ENGINE=InnoDB DEFAULT CHARSET=utf8mb4 COLLATE=utf8mb4_hungarian_ci;

INSERT INTO `dal` (`az`, `albumaz`, `cim`) VALUES
(1, 2, 'Újra itt van'),
(2, 2, 'Lehetett volna'),
(3, 2, 'A kugli'),
(4, 2, 'Emlékszem, esténként'),
(5, 2, 'Történet M.-ről'),
(6, 2, 'A beérkezett levelekre válaszolva'),
(7, 2, 'Keresem a szót'),
(8, 2, 'Ígérd meg'),
(9, 2, 'Téged vár'),
(10, 2, 'Reklám úr'),
(11, 2, 'Oh, kisleány'),
(12, 2, 'Meleghengersor'),
(13, 2, 'Lusta vagyok'),
(14, 2, 'Két év nem sok'),
(15, 2, 'Sárika'),
(16, 2, 'Nem akarok'),
(17, 45, 'Hajóra szállt'),
(18, 45, 'Felhő'),
(19, 45, 'Gyújtósnak jó'),
(20, 45, 'Dajkák meséje'),
(21, 45, 'Rubikernő'),
(22, 45, 'Kutyák meg emberek'),
(23, 45, 'Azt hittem érdemes'),
(24, 45, 'Karambol'),
(25, 45, 'Szenes'),
(26, 45, 'Olyan csak olyan'),
(27, 45, 'Kifelé nem befelé nem'),
(28, 45, 'Kerticsap'),
(29, 12, 'Rock And Roll Party I.'),
(30, 12, 'Dzsungel Rock'),
(31, 12, 'Micsoda buli'),
(32, 12, 'Neonparádé'),
(33, 12, 'Gyere, Gyere Juli!'),
(34, 12, 'Weep No More'),
(35, 12, 'Love You Till I Die'),
(36, 12, 'Boss Guitar'),
(37, 12, 'Csókkirály'),
(38, 12, 'Eszelős szerelem'),
(39, 12, 'Casino Twist'),
(40, 12, 'Meghalok, hogyha rám nézel'),
(41, 12, 'Jailhouse Rock'),
(42, 12, 'Man We Had A Party'),
(43, 12, 'Keep On Knockin\''),
(44, 12, 'Great Balls Of Fire'),
(45, 12, 'Diana'),
(46, 12, 'Rock And Roll Party II.'),
(47, 21, 'Köszöntő'),
(48, 21, 'Putty-putty'),
(49, 21, 'Brutális'),
(50, 21, 'Konyhagyeplő'),
(51, 21, 'Linaj, linaj, van-van-van'),
(52, 21, 'Ne nagyon gesztikulálj'),
(53, 21, 'Vaniliaálomkex'),
(54, 21, 'Bestia'),
(55, 21, 'Versike'),
(56, 21, 'Na ne hülyéskedj'),
(57, 21, 'Egy lány kéne nekem'),
(58, 21, 'Már megint ez a depresszió'),
(59, 21, 'Nem bírom a gyűrődést'),
(60, 21, 'Mindez én vagyok'),
(61, 21, 'Kamikázé'),
(62, 21, 'Szerelem, szerelem'),
(63, 33, 'Invokáció (Prológus)'),
(64, 33, 'Test'),
(65, 33, 'Ki helyett szeretsz?'),
(66, 33, 'Csak te vagy'),
(67, 33, 'Swimming'),
(68, 33, 'Dekadens'),
(69, 33, 'Dúdolni halkan'),
(70, 33, 'Idelenn idegen'),
(71, 33, 'Áradás'),
(72, 33, 'Do We Bow?'),
(73, 33, 'Csillagok alatt'),
(74, 33, 'Láss bennem mást'),
(75, 33, 'Az indulat dala'),
(76, 33, 'Epilógus'),
(77, 34, 'Takarítónő'),
(78, 34, 'Enimől Kennibölsz (Közjáték)'),
(79, 34, 'Állat Kannibálok'),
(80, 34, 'Gyűlöllek te hájpacni!'),
(81, 34, 'F.F.F.F.'),
(82, 34, 'Gettó gyerekek'),
(83, 34, 'Az évszázad bűnügye (közjáték)'),
(84, 34, 'Kezeket a magasba!'),
(85, 34, 'Ne menj, ha H.I.V. a lány'),
(86, 34, 'Egy telepi srác napja'),
(87, 34, 'Ülünk a vonaton'),
(88, 34, 'Buli vonal (közjáték)'),
(89, 34, 'Neked ez így Yo?'),
(90, 34, 'Átlagos gengszter'),
(91, 34, 'Hagyományos raplemez (közjáték)'),
(92, 34, 'Kapd ki a hajam'),
(93, 34, 'Yozsefváros'),
(94, 34, 'Tudod az élet szép'),
(95, 34, 'Takarítónő (Felmosó rongy remiksz)'),
(96, 30, 'XX. század'),
(97, 30, '8 óra munka'),
(98, 30, 'Civilizáció'),
(99, 30, 'Hegyek között'),
(100, 30, 'Pancsoló kislány'),
(101, 30, 'Hősök tere'),
(102, 30, 'Besült a mutatvány'),
(103, 30, 'Kitántorgott'),
(104, 30, 'Én is egy kicsit – epilógus'),
(105, 42, 'Gólem'),
(106, 42, 'Az a baj'),
(107, 42, 'Lottó'),
(108, 42, 'Gyere kislány, gyere'),
(109, 42, 'Belga'),
(110, 42, 'Királyok a házban'),
(111, 42, 'Mocskos'),
(112, 42, 'Hazakísérlek'),
(113, 42, 'Képviselő boogie'),
(114, 42, '100'),
(115, 42, 'Az átalakulás vége'),
(116, 42, 'Huszonkét férfi'),
(117, 42, 'Probléma'),
(118, 42, 'Mr. Márka'),
(119, 42, 'Új világ'),
(120, 42, 'A producer dala'),
(121, 3, 'Hétfő hajnalán'),
(122, 3, 'Ház áll a sötétben'),
(123, 3, 'Ébredj, napsugár!'),
(124, 3, 'Jobb, ha kinyitod a szemed'),
(125, 3, '6.20-as'),
(126, 3, 'Vén hobó'),
(127, 3, 'Munkadal'),
(128, 3, 'Iskolatáska'),
(129, 3, 'Úthenger'),
(130, 3, 'Hadd főzzek ma magamnak'),
(131, 3, 'Megszólal a nagyharang'),
(132, 3, 'Álmos hétfő délután'),
(133, 3, 'Ebből éppen elég'),
(134, 3, 'Messze még'),
(135, 3, 'Viharban'),
(136, 3, 'Egy tisztességes család'),
(137, 3, 'Öreg zongora'),
(138, 3, 'Juliska'),
(139, 3, 'Bordal'),
(140, 3, 'Ott leszek'),
(141, 3, 'Altatódal'),
(142, 3, 'Valamikor látlak-e még?'),
(143, 3, 'Hétfő éjszakán'),
(144, 3, 'Epilógus'),
(145, 22, 'Jó szelet kívánok'),
(146, 22, 'Maradj már'),
(147, 22, 'Program'),
(148, 22, 'Ótyi-tyótyi - Ping-pong'),
(149, 22, 'Nem leszek sohasem'),
(150, 22, 'A zenekar üzenete'),
(151, 22, 'Kicsinál szódát 1.'),
(152, 22, 'Kicsinál szódát 2.'),
(153, 22, 'Viva! Carramba!'),
(154, 22, 'Долина'),
(155, 22, 'Születésnapi fűrész'),
(156, 22, 'Ó, igen, felborult'),
(157, 22, 'Jaiaó, eládió'),
(158, 22, 'Gyerekmese'),
(159, 27, 'Ébredés után'),
(160, 27, 'Óriások és törpék'),
(161, 27, 'Megüssem vagy ne üssem'),
(162, 27, 'Mondd el'),
(163, 27, 'Fagyi'),
(164, 27, 'Szavakat kiáltok'),
(165, 27, 'Lóhere'),
(166, 27, 'Adj helyet'),
(167, 27, 'Nehéz a dolga'),
(168, 10, 'Személyi igazolvány'),
(169, 10, 'Filléres emlékeim'),
(170, 10, 'K. Kata balladája'),
(171, 10, 'Bűnbánó Magdolna'),
(172, 10, 'Nevet ne mondj'),
(173, 10, 'A kiskacsa'),
(174, 10, 'Földvár felé félúton'),
(175, 10, 'Hungarian Blues'),
(176, 10, 'Vásárhely'),
(177, 10, 'Maszkabál'),
(178, 10, 'Mama kérlek'),
(179, 7, 'A levél kezdete'),
(180, 7, 'Budapest'),
(181, 7, 'A második levélrészlet'),
(182, 7, 'Presszó'),
(183, 7, 'A harmadik levélrészlet'),
(184, 7, 'Apa kalapja'),
(185, 7, 'A negyedik levélrészlet'),
(186, 7, 'A hatvanas évek'),
(187, 7, 'Az ötödik levélrészlet'),
(188, 7, 'Az éjféli gyors'),
(189, 7, 'Nincsen más'),
(190, 7, 'Krakkói vonat'),
(191, 7, 'A levél közepe'),
(192, 7, 'Álomfejtés'),
(193, 7, 'Jutalomosztás'),
(194, 7, 'A hetedik levélrészlet'),
(195, 7, 'Világnézeti klub'),
(196, 7, 'A nyolcadik levélrészlet'),
(197, 7, 'Tanulmányi kirándulás'),
(198, 7, 'Költözködés'),
(199, 7, 'Egy kitalált személy'),
(200, 7, 'A levél befejezése'),
(201, 7, 'Kézbesítés'),
(202, 25, 'Rossz vér'),
(203, 25, 'Őrülj meg, kicsi'),
(204, 25, 'Ne szeress engem (Presser Gábor – Sztevanovity Dusán)'),
(205, 25, 'Mindenem a tévé'),
(206, 25, 'A felszarvazottak balladája'),
(207, 25, 'Középeurópai Hobo Blues III.'),
(208, 25, 'Ez a helyzet'),
(209, 20, 'Vakációóó'),
(210, 20, 'Arrivederci Amore'),
(211, 20, 'Bye-Bye Johnny B. Goode'),
(212, 20, 'Pesti Cleopátra'),
(213, 20, 'Si-Bap-Bap-Du-Bap'),
(214, 20, 'Modern románc'),
(215, 20, 'Wind-szörny'),
(216, 20, 'Dolly Roll'),
(217, 20, 'Let-kiss Week-end'),
(218, 20, 'Hatszemélyes Cadillac'),
(219, 20, 'Naplemente'),
(220, 20, 'Stréber bugi'),
(221, 20, 'Merész Tengerész'),
(222, 20, 'Happy End'),
(223, 16, 'Kölyköd voltam'),
(224, 16, 'A hűtlen'),
(225, 16, 'Kínoz egy ének'),
(226, 16, 'Kék sugár'),
(227, 16, 'A keselyű'),
(228, 16, 'Torony'),
(229, 16, 'Az ítélet!'),
(230, 16, 'Néma völgy'),
(231, 28, 'Popzene'),
(232, 28, 'Küldj egy jelet!'),
(233, 28, 'A szem és a száj'),
(234, 28, 'Elmentek a fiúk'),
(235, 28, 'Toporzékolok'),
(236, 28, 'Romolj meg!'),
(237, 28, 'Ez a város'),
(238, 28, 'Minden eltörölve'),
(239, 5, 'Preludium'),
(240, 5, 'Koordináták'),
(241, 5, 'A tiszta ég'),
(242, 5, 'FG-4'),
(243, 5, 'Levél a távolból'),
(244, 5, 'Ádám'),
(245, 5, 'Zöld sárga rózsa'),
(246, 5, 'Végtelen szerelem'),
(247, 5, 'És jöttek ők'),
(248, 5, 'Csillagfelhő'),
(249, 35, 'Intro'),
(250, 35, 'Kartel Anthem IV.'),
(251, 35, 'Don Döglégy'),
(252, 35, 'Ki a fasza gyerek?'),
(253, 35, 'Keleti oldal – nyugati oldal'),
(254, 35, 'Heroin'),
(255, 35, 'Gyors sávban élek'),
(256, 35, 'Nincs semmi jobb, mint egy ringyó'),
(257, 35, 'Rossz vér'),
(258, 35, 'Fekete ló'),
(259, 35, 'Stricik és kurvák'),
(260, 35, 'Kartel Anthem V.'),
(261, 35, 'Nekünk csak a zene'),
(262, 35, 'Kartel Anthem VI.'),
(263, 35, 'Hyva Suomi'),
(264, 35, 'Vigyázz, hogy mit teszel!'),
(265, 35, 'Big Daddy L.'),
(266, 35, 'Gengszter lingo'),
(267, 35, 'Outro'),
(268, 38, 'Mozdulj!'),
(269, 38, 'Elment a kedvem'),
(270, 38, 'Klassz'),
(271, 38, 'Sajnálom'),
(272, 38, 'Lábnyom a Holdon'),
(273, 38, 'Egyszeri Ernő'),
(274, 38, 'Hol van az a krézi srác?'),
(275, 38, 'Azért nincs tovább'),
(276, 38, 'Kezdődjön el'),
(277, 38, 'Játszótér'),
(278, 38, 'Mindig jót akarok'),
(279, 38, 'Hirdetés'),
(280, 39, 'Lidocain'),
(281, 39, 'Sosem voltunk senkik'),
(282, 39, 'Összevisszaélet'),
(283, 39, 'Kérdőjel'),
(284, 39, 'Hiperkarma'),
(285, 39, 'Csak az kiabál aki fél'),
(286, 39, 'Hiperkarma (megint)'),
(287, 39, 'R\'N\'R 2000'),
(288, 39, 'Felejtő'),
(289, 39, 'Dob+basszus'),
(290, 39, 'Királyok, síelők'),
(291, 39, 'Mindenki függ'),
(292, 39, 'Üres'),
(293, 39, 'Zöldpardon'),
(294, 18, 'Tisztelet Muddy Waters-nek (Középeurópai hobo blues I.)'),
(295, 18, 'Enyém, tied, miénk'),
(296, 18, 'Kőbánya blues'),
(297, 18, 'Tetovált lány'),
(298, 18, 'Hosszúlábú asszony'),
(299, 18, 'Oly sokáig voltunk lenn...'),
(300, 18, 'Mata Hari'),
(301, 18, 'Nem hallod, üvöltök'),
(302, 18, 'A hetedik'),
(303, 18, 'Halál apa blues'),
(304, 15, 'Miért nem próbálod meg velem?'),
(305, 15, 'Hello…'),
(306, 15, 'Miért fáj a szív?'),
(307, 15, 'Miért ne?'),
(308, 15, 'Miért nem próbálod meg velem?'),
(309, 15, 'Titkos szobák szerelme'),
(310, 15, 'Szeretni úgy kell'),
(311, 15, 'Egyszer volt'),
(312, 15, 'Gömbölyű dal'),
(313, 15, 'Vigyél el'),
(314, 24, 'Bál az Operában'),
(315, 24, 'Maldoror, a rémkirály'),
(316, 24, 'Rózsák Valériának'),
(317, 24, 'A szomorú szerelmek hercege'),
(318, 24, 'Magányos bábfigurák'),
(319, 24, 'Afrika'),
(320, 24, 'Dzsungelharc'),
(321, 24, 'Alkalmatlan vagyok'),
(322, 24, 'Színes álarc a lelkemen'),
(323, 24, 'Piroska és a Farkas'),
(324, 31, 'Lefekszem a hóba'),
(325, 31, 'A 60-as évek vége'),
(326, 31, 'Húsrágó hídverő'),
(327, 31, 'Tejjel kifli'),
(328, 31, 'Macska'),
(329, 31, 'Kicsi csillag'),
(330, 31, 'Barlangban dobolok'),
(331, 31, 'Őrjárat'),
(332, 31, 'Forradalmár'),
(333, 31, 'A vadnyugat története indián szemmel'),
(334, 31, 'Holdutazás'),
(335, 31, 'Szőkített nő'),
(336, 31, 'Naphoz Holddal'),
(337, 14, 'Szóljon a zene'),
(338, 14, 'Mézízű gyermekkorom idején'),
(339, 14, 'Táncoló fekete lakkcipők'),
(340, 14, 'Országutak csillaga'),
(341, 14, 'Szerencsevadász'),
(342, 14, 'Családi rocky'),
(343, 14, 'Egy éjszaka nélküled'),
(344, 14, 'Mondd, kis kócos'),
(345, 14, 'Oh, csak a hajnal jönne már'),
(346, 14, 'Magányos szívek klubja'),
(347, 14, 'Álmatlanul'),
(348, 14, 'Egy bál a hajón'),
(349, 14, 'Mama, táncolj velem rock and rollt'),
(350, 14, 'Fehér hold'),
(351, 4, 'Rock and roller'),
(352, 4, 'Maradj még'),
(353, 4, 'Szólj rám, ha hangosan énekelek'),
(354, 4, 'Sorsom'),
(355, 4, 'Várlak'),
(356, 4, 'Tanítsd meg a gyerekeket'),
(357, 4, 'Szabad vagyok'),
(358, 4, 'Télutó'),
(359, 4, 'Szendvicsfiú'),
(360, 4, 'Az eső és én'),
(361, 13, 'Prológ és trialóg'),
(362, 13, 'Gondolj rám'),
(363, 13, 'Ha eljönnek az angyalok'),
(364, 13, 'Boksz'),
(365, 13, 'Erőgép'),
(366, 13, 'Sziszifuszi blues'),
(367, 13, 'Embertelen dal'),
(368, 13, 'Primadonna'),
(369, 13, 'Játszunk'),
(370, 13, 'Cabolo'),
(371, 13, 'A dal a miénk'),
(372, 13, 'Nagyon kell, hogy szeress'),
(373, 13, 'Áldd meg a dalt'),
(374, 13, 'Szentimentális \"rakenroll\"'),
(375, 13, 'Ha eljönnek az ördögök'),
(376, 13, 'Mozi'),
(377, 13, 'Áldd meg a dalt'),
(378, 11, 'Megszülettem'),
(379, 11, 'Tűzmadár'),
(380, 11, 'Egy darabot a szívemből'),
(381, 11, 'Szabadíts meg a szorongásoktól'),
(382, 11, 'Öröm az iskolában'),
(383, 11, 'Rock and Roll No. 1-2-3'),
(384, 11, 'Ott állsz az út végén'),
(385, 11, 'Minden szónál többet ér egy dal'),
(386, 11, 'Még meg sem köszöntem'),
(387, 49, 'Rabnóta - Nem arról hajnallik'),
(388, 49, 'Eddig vendég'),
(389, 49, 'Azt gondoltam, eső esik'),
(390, 49, 'Hidegen fújnak a szelek'),
(391, 49, 'Bujdosódal - Fordulj kedves lovam'),
(392, 49, 'Repülj madár, repülj'),
(393, 49, 'Régen volt, soká lesz'),
(394, 49, 'Szerelem, szerelem'),
(395, 49, 'Én csak azt csodálom'),
(396, 49, 'Elment a madárka - Martin György emlékére'),
(397, 9, 'Ha szombat este táncol'),
(398, 9, 'Szédült napraforgó'),
(399, 9, 'Hegyirabló'),
(400, 9, 'Ha varázslólány lehetnék'),
(401, 9, 'Forrófejű lány'),
(402, 9, 'Santa Maria'),
(403, 9, 'Szia!'),
(404, 9, 'Megőrülök a szerelemért'),
(405, 9, 'Diszkókece'),
(406, 9, 'Hazafelé'),
(407, 1, 'Petróleumlámpa'),
(408, 1, 'Gyöngyhajú lány'),
(409, 1, 'Tűzvihar'),
(410, 1, 'Udvari bolond kenyere'),
(411, 1, 'Kérgeskezű favágók'),
(412, 1, 'Tékozló fiúk'),
(413, 1, 'Tízezer lépés'),
(414, 1, '1958-as boogie-woogie klubban'),
(415, 1, 'Spanyolgitár legenda'),
(416, 1, 'Félbeszakadt koncert'),
(417, 23, 'Honfoglalás (Őshaza, Vándorlások, Harcok, Vérszerződés, Új haza)'),
(418, 23, 'Menj tovább'),
(419, 23, 'Kétforintos dal'),
(420, 23, 'Az út másik felén (Rocktóber)'),
(421, 23, 'Tűzimádó'),
(422, 23, 'Pokolba tartó vonat'),
(423, 23, 'Miskolc'),
(424, 23, 'Utolsó cigaretta + Oh, Carol'),
(425, 44, 'Hajolj bele a hajamba'),
(426, 44, 'Vámpír'),
(427, 44, 'Ópium'),
(428, 44, 'Hello modern dizájn'),
(429, 44, 'Hideg láng'),
(430, 44, 'Csobogás'),
(431, 44, 'Délelőttök a kádban - Lovasi Andrással'),
(432, 44, 'Klímamenekült'),
(433, 44, 'Szüret'),
(434, 44, 'A pénz miatt'),
(435, 44, 'Katapult'),
(436, 8, 'Szabadnak születtem'),
(437, 8, 'Ha volna két életem'),
(438, 8, 'A fénylő piramisok árnyékában'),
(439, 8, 'Mondj egy mesét'),
(440, 8, 'Ki tudja, hol van'),
(441, 8, 'Hozd el a tegnapot'),
(442, 8, 'Boldog ember'),
(443, 8, 'Dal a kedvesért'),
(444, 8, 'A becsület'),
(445, 26, 'A jel'),
(446, 26, 'Pokolgép'),
(447, 26, 'Démon'),
(448, 26, 'A tűz'),
(449, 26, 'B. S. emlékére'),
(450, 26, 'Totális metál'),
(451, 26, 'Mennyit érsz?'),
(452, 26, 'Átkozott nemzedék'),
(453, 26, 'Mindhalálig rock and roll'),
(454, 26, '...tovább'),
(455, 46, 'Előjáték'),
(456, 46, 'Nem Az A Nap'),
(457, 46, 'Főnök'),
(458, 46, 'Harmónia'),
(459, 46, 'Függöny'),
(460, 46, 'Más Ágyában'),
(461, 46, 'Magány'),
(462, 46, 'Antika'),
(463, 46, 'Fegyverek és Rózsák'),
(464, 46, 'Defa Skit'),
(465, 46, 'Buláj'),
(466, 46, 'Csönded Vagyok'),
(467, 46, 'Shen Kick'),
(468, 46, 'Elfogyni Az Ölelésben'),
(469, 46, 'Vándország'),
(470, 46, 'Hétvégre'),
(471, 46, 'Természet vs. Civilizáció'),
(472, 46, 'Máshogy Telik'),
(473, 46, 'Húsz Parancsolat'),
(474, 46, 'Stika Sika'),
(475, 46, 'Nincsen Zsé'),
(476, 46, 'Más Szemmel'),
(477, 46, 'Utómunka'),
(478, 46, 'Magány Remix'),
(479, 36, 'Androidő'),
(480, 36, 'Pedofíling'),
(481, 36, 'Halleluja'),
(482, 36, 'Libidó'),
(483, 36, 'Olé'),
(484, 36, 'Az ördög magyar hangja'),
(485, 36, 'Hintalógalopp'),
(486, 36, 'Az otthontalanság otthona'),
(487, 36, 'Mennyből az angyal'),
(488, 36, 'Álmatlan dal'),
(489, 36, 'Unom'),
(490, 32, 'Jöhet a bumm, bumm, bumm!!!'),
(491, 32, 'Nem, nem, nem, nem'),
(492, 32, 'Ha itt lennél velem'),
(493, 32, 'Akarom, hogy mondd'),
(494, 32, 'Játsszatok gyerekek, játsszatok'),
(495, 32, 'Fáj a szívem érted'),
(496, 32, 'Utánam srácok!!!'),
(497, 32, 'Kapd el gyorsan'),
(498, 32, 'Vigyetek el engem is'),
(499, 32, 'Fekete, vörös, kék'),
(500, 32, 'A 67-es út'),
(501, 32, 'Végtelen történet'),
(502, 19, 'Ergo: létezem'),
(503, 19, 'Júlia'),
(504, 19, 'Eszkimó, szambázz!'),
(505, 19, 'Kriszti'),
(506, 19, 'A csiki-dam madár szíve'),
(507, 19, 'Bombázó'),
(508, 19, 'Szeráj'),
(509, 19, 'Titkos szerelem'),
(510, 19, 'Mert Ő...'),
(511, 19, 'Zanzibár'),
(512, 19, 'Egy alacsony férfi dilemmái a szerelem körül'),
(513, 19, 'Summa'),
(514, 50, 'Intro'),
(515, 50, 'Félre az útból'),
(516, 50, 'Pattanj fel'),
(517, 50, 'Az Alvilágnak nincs romantikája'),
(518, 50, 'Pörög a fekete lemez'),
(519, 50, 'Rá se ránts'),
(520, 50, 'Nincs kiút'),
(521, 50, 'Mákvirág'),
(522, 50, 'Hasta La Bisztro'),
(523, 50, 'Meseautó'),
(524, 50, 'Nincs nő, nincs sírás'),
(525, 50, 'Gyulafirádió'),
(526, 50, 'Gyulafirátót'),
(527, 50, 'Szar az élet'),
(528, 50, 'Az utca másik oldala'),
(529, 50, 'Oh baby'),
(530, 50, 'Ébredj csak, én meg álmodom'),
(531, 50, 'Szerinted?'),
(532, 50, '4 Ütem'),
(533, 50, 'Outro'),
(534, 43, 'Amiből születtél'),
(535, 43, 'Elmarad'),
(536, 43, 'Békét'),
(537, 43, 'Egyre Másra'),
(538, 43, 'Nagyvárosi regős'),
(539, 43, 'Menny el délre'),
(540, 43, 'Striciblúz'),
(541, 43, 'Jól'),
(542, 43, 'Költészet az aszfaltról'),
(543, 43, 'Végre vége'),
(544, 43, 'Mintha tudná merre menne'),
(545, 43, 'Vele jó'),
(546, 43, 'Ferié'),
(547, 48, 'Tudományos Fantasztikus Pop'),
(548, 48, 'Viszlát, Szevasz'),
(549, 48, 'Reggelig Táncolni Egy Rossz Cipőben'),
(550, 48, 'Az Világ'),
(551, 48, 'Hova Megy, Ki?'),
(552, 48, 'Rövid Sláger'),
(553, 48, 'Irány A Moziba Be!'),
(554, 48, 'Elvileg'),
(555, 48, 'Halkan Itt Mások Alszanak'),
(556, 40, 'Vigyetek haza!'),
(557, 40, 'Agyarország'),
(558, 40, 'Mindig péntek'),
(559, 40, 'Ez az a ház'),
(560, 40, 'Akinek látsz'),
(561, 40, 'Föld és ég'),
(562, 40, 'Üdvözöl a Pokol'),
(563, 40, 'A világ disco'),
(564, 40, 'Itt vannak a Tankok'),
(565, 40, 'Meg kell halnom'),
(566, 40, 'Nem ver át'),
(567, 40, 'Aki nem vak'),
(568, 40, 'Megkapod, ami jár'),
(569, 47, 'Limonádé'),
(570, 47, 'Lehetek én is'),
(571, 47, 'Városlakó'),
(572, 47, 'Diszkós'),
(573, 47, 'Boroskóla'),
(574, 47, 'Goa'),
(575, 47, 'Bálban'),
(576, 47, 'Embergép'),
(577, 47, 'Nem hiszek'),
(578, 47, 'Üvegszilánkkal'),
(579, 47, 'Lehunyom a szemem'),
(580, 47, 'Béke presszó'),
(581, 29, 'Ki vele az Istenért!'),
(582, 29, 'Rádébredek'),
(583, 29, 'Tárulj Világ!'),
(584, 29, 'Mi történt?!'),
(585, 29, 'Élő Világegyetem'),
(586, 17, 'A gömb'),
(587, 17, 'Boszorkányéj'),
(588, 17, 'A cél'),
(589, 17, 'Pedál'),
(590, 17, 'Gyertyák'),
(591, 17, 'Új év'),
(592, 17, 'Jégszív'),
(593, 17, 'Világvevő'),
(594, 17, 'Ne hagyd meghalni a rock and rollt!'),
(595, 17, 'Angyallány'),
(596, 17, 'Barbara'),
(597, 37, 'Intro'),
(598, 37, 'Milonga Del Mar'),
(599, 37, 'Chase & Chaser'),
(600, 37, 'Cantaloupe Island (Interlude)'),
(601, 37, 'Ohne Chanteuse'),
(602, 37, 'No Answer From Petrograd'),
(603, 37, '100% Trevira'),
(604, 37, 'Pabadam'),
(605, 37, 'The Severance'),
(606, 37, 'Sinking Slowly'),
(607, 37, 'Bodysurf'),
(608, 37, 'Riders On The Storm - Pink Solidism'),
(609, 37, 'Road Movie'),
(610, 37, 'Thousand Bells'),
(611, 37, 'Fairy Of The Lake'),
(612, 37, 'Another Geometry'),
(613, 37, 'Outro'),
(614, 41, 'Parachute to Eternity'),
(615, 41, 'Bitter Jollity'),
(616, 41, 'Bokanovski Method'),
(617, 41, 'Fata Morgana'),
(618, 41, 'Ready for the Revolution'),
(619, 41, 'Mistery of Cinema'),
(620, 41, 'Bossa Astoria'),
(621, 41, 'Astronaut from Star City'),
(622, 41, 'Cosmic Disaster'),
(623, 41, 'Breath in/ Breath out'),
(624, 41, 'While You Sleep'),
(625, 41, 'Dripstones'),
(626, 41, 'Those Seventies'),
(627, 41, 'Taste of Snow'),
(628, 41, 'Blindflight'),
(629, 6, 'Egészen egyszerű dal'),
(630, 6, 'Addig jó nekem'),
(631, 6, 'Amikor elmentél tőlem'),
(632, 6, 'Név nélkül'),
(633, 6, 'Kiáltás'),
(634, 6, 'Nekem nem elég'),
(635, 6, 'Menj el'),
(636, 6, 'Az aranykulcs'),
(637, 6, 'Apám hitte'),
(638, 6, 'Egészen egyszerű emberek'),
(639, 6, 'Szépek és bolondok');

CREATE TABLE `kiado` (
  `az` int(11) NOT NULL,
  `nev` varchar(100) NOT NULL,
  `alap` int(11) NOT NULL
) ENGINE=InnoDB DEFAULT CHARSET=utf8mb4 COLLATE=utf8mb4_hungarian_ci;

INSERT INTO `kiado` (`az`, `nev`, `alap`) VALUES
(1, 'CLS Music', 2002),
(2, 'Hungaroton', 1951),
(3, 'BMG Ariola', 1993),
(4, 'Magneoton', 1990),
(5, 'Quint Records', 1990),
(6, 'EMI-Quint Records', 1992),
(7, 'Warner Music', 1996),
(8, 'Sony Music', 1991),
(9, 'Nagyferó Produkció', 1991),
(10, 'Start Records', 1992),
(11, 'Megadó Kiadó', 2006),
(12, 'AM:PM Music', 2010),
(13, 'Universal Music', 1993),
(14, 'Night Child Records', 2003),
(15, 'Ring Lemezkiadó', 1988),
(16, 'Mole Listening Pearls', 1996),
(17, 'Ugar Records', 1997);


ALTER TABLE `album`
  ADD PRIMARY KEY (`az`),
  ADD KEY `kiadoaz` (`kiadoaz`);

ALTER TABLE `dal`
  ADD PRIMARY KEY (`az`),
  ADD KEY `albumaz` (`albumaz`);

ALTER TABLE `kiado`
  ADD PRIMARY KEY (`az`);


ALTER TABLE `album`
  ADD CONSTRAINT `album_ibfk_1` FOREIGN KEY (`kiadoaz`) REFERENCES `kiado` (`az`);

ALTER TABLE `dal`
  ADD CONSTRAINT `dal_ibfk_1` FOREIGN KEY (`albumaz`) REFERENCES `album` (`az`);
COMMIT;
