CREATE DATABASE IF NOT EXISTS `bpszobrok` DEFAULT CHARACTER SET utf8 COLLATE utf8_hungarian_ci;
USE `bpszobrok`;

-- --------------------------------------------------------

--
-- Tábla szerkezet ehhez a táblához `alkoto`
--

CREATE TABLE `alkoto` (
  `id` int(11) NOT NULL,
  `szoborid` int(11) NOT NULL,
  `nev` varchar(50) COLLATE utf8_hungarian_ci NOT NULL
) ENGINE=InnoDB DEFAULT CHARSET=utf8 COLLATE=utf8_hungarian_ci;

--
-- A tábla adatainak kiíratása `alkoto`
--

INSERT INTO `alkoto` (`id`, `szoborid`, `nev`) VALUES
(1, 1, 'Borsos Miklós'),
(2, 2, 'Gömbös László'),
(3, 2, 'Makovecz Imre'),
(4, 3, 'Szervátiusz Tibor'),
(5, 4, 'Czinder Antal'),
(6, 5, 'Péterfy László'),
(7, 6, 'Ócsai Károly'),
(8, 7, 'Szentgyörgyi István'),
(9, 9, 'Csíkszentmihályi Róbert'),
(10, 10, 'Makovecz Imre'),
(11, 11, 'Zala György'),
(12, 12, 'Somogyi József'),
(13, 13, 'Lugossy Mária'),
(14, 14, 'Farkas Béla'),
(15, 15, 'Csorba Géza'),
(16, 16, 'Csorba Géza'),
(17, 17, 'Somogyi Árpád'),
(18, 18, 'Telcs Ede'),
(19, 19, 'Metky Ödön'),
(20, 21, 'Ligeti Miklós'),
(21, 22, 'Veres Gábor'),
(22, 23, 'Kirchmayer Károly'),
(23, 24, 'Kiss Nagy András'),
(24, 25, 'Ligeti Erika'),
(25, 26, 'Seregi József'),
(26, 27, 'Somogyi József'),
(27, 28, 'Kerényi Jenő'),
(28, 29, 'Dabóczi Mihály'),
(29, 30, 'Szandai Sándor'),
(30, 31, 'Medgyessy Ferenc'),
(31, 32, 'Ungvári Lajos'),
(32, 33, 'Hüvös László'),
(33, 34, 'Somogyi József'),
(34, 35, 'Kaszab Károly'),
(35, 36, 'Stróbl Alajos'),
(36, 37, 'Kiss István'),
(37, 38, 'Beck Ö. Fülöp'),
(38, 41, 'Marton László'),
(39, 42, 'Stróbl Alajos'),
(40, 44, 'Varga Imre'),
(41, 45, 'Stróbl Alajos'),
(42, 46, 'Stróbl Alajos'),
(43, 47, 'Antal Károly'),
(44, 48, 'Makovecz Imre'),
(45, 48, 'Péterfy László'),
(46, 49, 'Beck Ö. Fülöp'),
(47, 50, 'Vedres Márk'),
(48, 51, 'Horváth Géza'),
(49, 51, 'Cserhalmi Jenő'),
(50, 53, 'Péter Zsuzsa'),
(51, 54, 'Mikula Ferenc'),
(52, 56, 'Senyei Károly'),
(53, 57, 'Damkó József'),
(54, 58, 'Pannonhalmi Zsuzsanna'),
(55, 59, 'Illyés Antal'),
(56, 60, 'Orbán Antal'),
(57, 61, 'Pátzay Pál'),
(58, 62, 'Ligeti Miklós'),
(59, 63, 'Tar István'),
(60, 64, 'Szécsi Antal'),
(61, 65, 'Varga Imre'),
(62, 66, 'Somogyi József'),
(63, 67, 'Pogány Móric'),
(64, 68, 'Zala György'),
(65, 68, 'Hikisch Rezső'),
(66, 69, 'Donáth Gyula'),
(67, 70, 'Pásztor János'),
(68, 71, 'Beck Ö. Fülöp'),
(69, 72, 'Horvai János'),
(70, 75, 'Istók János'),
(71, 76, 'ifj.Vastagh György '),
(72, 77, 'Zala György'),
(73, 78, 'Senyei Károly'),
(74, 79, 'Illyés András'),
(75, 80, 'Szabó Iván'),
(76, 81, 'Boldogfai Farkas Sándor'),
(77, 82, 'Holló Barnabás'),
(78, 83, 'Halász Arisztid'),
(79, 84, 'Farkas Zoltán'),
(80, 84, 'Fáskerti István'),
(81, 85, 'Varga Imre'),
(82, 86, 'Oláh Sándor'),
(83, 87, 'Kampfl József '),
(84, 88, 'Lesenyei Márta'),
(85, 89, 'Kiss István'),
(86, 90, 'Kovács Margit'),
(87, 91, 'Ohmann Béla'),
(88, 92, 'Marton László'),
(89, 93, 'Szabó Tamás'),
(90, 94, 'Fürtös György'),
(91, 95, 'Kiss István'),
(92, 96, 'Varga Imre'),
(93, 97, 'Pauer Gyula'),
(94, 98, 'Somogyi József'),
(95, 99, 'Zsákodi Csiszér János'),
(96, 100, 'Cseh István'),
(97, 101, 'ifj. Vastagh György'),
(98, 102, 'Kiss György'),
(99, 103, 'Ligeti Miklós'),
(100, 104, 'Sidló Ferenc'),
(101, 105, 'Feszler Leó'),
(102, 106, 'Huszár Adolf'),
(103, 106, 'Mayer Ede'),
(104, 106, 'Kessler Adolf'),
(105, 107, 'Fülöp Elemér'),
(106, 108, 'Majoros Hédy'),
(107, 109, 'Makrisz Agamemnon'),
(108, 110, 'Kerényi Jenő'),
(109, 111, 'Kiss István'),
(110, 112, 'Pátzay Pál'),
(111, 113, 'Marton László'),
(112, 114, 'Zala György'),
(113, 115, 'Kasselik Fidél'),
(114, 115, 'Hild József'),
(115, 115, 'Bauer Mihály'),
(116, 116, 'Ligeti Miklós'),
(117, 116, 'Weisinger György'),
(118, 117, 'Gárdos Aladár'),
(119, 118, 'Zala György'),
(120, 119, 'Kampfl József'),
(121, 120, 'Huszár Adolf'),
(122, 121, 'Petri Lajos'),
(123, 122, 'Stróbl Alajos'),
(124, 123, 'Zala György'),
(125, 124, 'Meszlényi Molnár János'),
(126, 125, 'Petri Lajos'),
(127, 126, 'Marton László'),
(128, 127, 'Nagy István János'),
(129, 128, 'Louis Victor Michel Mercier'),
(130, 129, 'Zala György'),
(131, 130, 'Maugsch Gyula'),
(132, 131, 'Wagner Nándor'),
(133, 132, 'Kecskés Lajos'),
(134, 133, 'ifj.Vastagh György'),
(135, 134, 'Kerényi Jenő'),
(136, 135, 'Zala György'),
(137, 136, 'Kiss Sándor'),
(138, 137, 'Horvai János'),
(139, 138, 'Párkányi Raab Péter'),
(140, 139, 'Varga Imre'),
(141, 140, 'ifj. Vastagh György'),
(142, 140, 'Marton László'),
(143, 141, 'Holló Barnabás'),
(144, 143, 'ifj. Vastagh György'),
(145, 144, 'Dabóczi Mihály'),
(146, 145, 'Meszlényi Molnár János'),
(147, 146, 'Dunaiszky László'),
(148, 147, 'Tar István'),
(149, 148, 'Laborcz Ferenc'),
(150, 149, 'Senyei Károly'),
(151, 150, 'Varga Imre'),
(152, 151, 'Kutas László'),
(153, 152, 'Kocsis András'),
(154, 153, 'Zala György'),
(155, 154, 'Senyei Károly'),
(156, 155, 'Csíkszentmihályi Róbert'),
(157, 156, 'Giovanni da Bolona'),
(158, 157, 'Stremeny Géza'),
(159, 158, 'Zala György'),
(160, 159, 'Istók János'),
(161, 160, 'Lux Elek'),
(162, 161, 'Tóth István'),
(163, 162, 'Margó Ede'),
(164, 163, 'Pátzay Pál'),
(165, 164, 'Zala György '),
(166, 165, 'Kisfaludi Strobl Zsigmond'),
(167, 166, 'Bory Jenő'),
(168, 167, 'Telcs Ede'),
(169, 168, 'Herner János'),
(170, 168, 'Janáky István'),
(171, 169, 'Kisfaludi Strobl Zsigmond'),
(172, 170, 'Fischer Antal'),
(173, 171, 'Szomolányi Péter'),
(174, 172, 'Erdey Dezső'),
(175, 173, 'Johann Halbig'),
(176, 174, 'Kallós Ede'),
(177, 175, 'Buza Barna'),
(178, 176, 'Vígh Tamás'),
(179, 176, 'Markolt György'),
(180, 177, 'Varga Imre'),
(181, 178, 'Horvai János'),
(182, 179, 'Matey Aurél'),
(183, 180, 'Lányi Dezső'),
(184, 181, 'Stróbl Alajos'),
(185, 182, 'Marton László'),
(186, 183, 'Gyurcsek Ferenc'),
(187, 184, 'Beck András'),
(188, 185, 'Johann Halbig'),
(189, 186, 'Dunaiszky László'),
(190, 187, 'Antal Károly'),
(191, 188, 'Szabados Béla'),
(192, 189, 'Donáth Gyula'),
(193, 190, 'Mészáros Dezső'),
(194, 191, 'Damkó József '),
(195, 192, 'Paulikovics Iván'),
(196, 194, 'Somogyi Árpád'),
(197, 195, 'Pásztor János'),
(198, 196, 'Veres Gábor'),
(199, 197, 'Grantner Jenő'),
(200, 198, 'Buza Barna'),
(201, 199, 'Kiss György '),
(202, 200, 'Paulikovics Iván'),
(203, 201, 'Varga Imre'),
(204, 202, 'Stróbl Alajos'),
(205, 203, 'ismeretlen'),
(206, 204, 'Somló Sári'),
(207, 205, 'Ligeti Miklós'),
(208, 205, 'Weisinger György'),
(209, 206, 'Melocco Miklós'),
(210, 207, 'Ferenczy Béni'),
(211, 208, 'Marton László'),
(212, 209, 'Lisztes István'),
(213, 210, 'Kligl Sándor'),
(214, 211, 'Laborcz Ferenc'),
(215, 212, 'Grantner Jenő'),
(216, 213, 'Varga Imre'),
(217, 214, 'Sidló Ferenc'),
(218, 215, 'Kerényi Jenő'),
(219, 216, 'Sóváry János'),
(220, 217, 'Pándi Kiss János'),
(221, 218, 'Somogyi Árpád'),
(222, 219, 'Róna József'),
(223, 220, 'Péterfy László'),
(224, 221, 'Kisfaludi Strobl Zsigmond'),
(225, 221, 'Kocsis András'),
(226, 221, 'Ungvári Lajos'),
(227, 222, 'Kisfaludi Strobl Zsigmond '),
(228, 223, 'Hybl József'),
(229, 224, 'Füredi Richárd'),
(230, 225, 'Stróbl Alajos'),
(231, 226, 'Szemők Zsuzsanna'),
(232, 227, 'Borbás Tibor'),
(233, 228, 'Lux Elek'),
(234, 229, 'Kligl Sándor'),
(235, 230, 'Kallós Ede'),
(236, 231, 'Ferenczy István'),
(237, 232, 'Lelkes Márk'),
(238, 233, 'Füredi Richárd'),
(239, 234, 'Mihály Gábor'),
(240, 236, 'Damkó József'),
(241, 237, 'Somogyi József'),
(242, 238, 'Raffay Dávid'),
(243, 239, 'Vigh Tamás'),
(244, 240, 'Mikus Sándor'),
(245, 241, 'Holló Barnabás'),
(246, 242, 'Tar István'),
(247, 243, 'Párkányi Raab Péter'),
(248, 244, 'Kerényi Jenő'),
(249, 245, 'Marton László'),
(250, 246, 'Somogyi József'),
(251, 247, 'Kecskés Lajos'),
(252, 248, 'Varga Miklós'),
(253, 249, 'Osváth Mária'),
(254, 250, 'Kampfl József'),
(255, 251, 'Farkas Béla'),
(256, 252, 'Dunaiszky László'),
(257, 253, 'Marton László'),
(258, 254, 'Stróbl Alajos'),
(259, 255, 'Stróbl Alajos'),
(260, 256, 'Pásztor János'),
(261, 257, 'Barta Lajos'),
(262, 258, 'Antal Károly'),
(263, 259, 'Tar István'),
(264, 260, 'Varga Imre'),
(265, 261, 'Molnár László'),
(266, 262, 'Lányi Dezső'),
(267, 263, 'Medgyessy Ferenc'),
(268, 264, 'Maugsch Gyula'),
(269, 265, 'Vilt Tibor'),
(270, 266, 'Zala György'),
(271, 267, 'Grantner Jenő'),
(272, 268, 'Szentgyörgyi István'),
(273, 269, 'Marton László'),
(274, 270, 'Melocco Miklós'),
(275, 271, 'Menasági Péter'),
(276, 272, 'Gulyás Gyula'),
(277, 273, 'Zala György'),
(278, 274, 'Senyei Károly'),
(279, 275, 'Babusa János'),
(280, 276, 'Kisfaludi Strobl Zsigmond '),
(281, 277, 'Pásztor János'),
(282, 278, 'Varga Imre'),
(283, 280, 'Zala György'),
(284, 281, 'Stróbl Alajos'),
(285, 282, 'Kocsis András'),
(286, 283, 'Makrisz Agamemnon'),
(287, 284, 'Kocsis András'),
(288, 285, 'Domonkos Béla'),
(289, 286, 'Szabó Rezső'),
(290, 286, 'Szabó Antal'),
(291, 287, 'Huber József'),
(292, 287, 'S. Hegyi Béla'),
(293, 288, 'Kiss István'),
(294, 289, 'Makrisz Agamemnon'),
(295, 290, 'Varga Imre'),
(296, 291, 'Zala György'),
(297, 292, 'Kiss István'),
(298, 293, 'Bory Jenő'),
(299, 294, 'Szentgyörgyi István'),
(300, 295, 'Varga Tamás'),
(301, 296, 'Zala György'),
(302, 297, 'Csorba Géza'),
(303, 298, 'Konyorcsik János'),
(304, 299, 'Köllő Miklós'),
(305, 300, 'ismeretlen'),
(306, 301, 'Marton László'),
(307, 302, 'Fessl József'),
(308, 302, 'Uhrl Ferenc'),
(309, 303, 'Kárpáti Anna'),
(310, 304, 'Csíkszentmihályi Róbert'),
(311, 305, 'ifj. Szabó István'),
(312, 306, 'Horvai János'),
(313, 307, 'Pátzay Pál'),
(314, 308, 'Varga Imre'),
(315, 309, 'Kovács Ferenc'),
(316, 310, 'Kovács Ferenc'),
(317, 311, 'Stróbl Alajos'),
(318, 312, 'Horvai János'),
(319, 313, 'Stróbl Alajos'),
(320, 314, 'Veres Kálmán'),
(321, 315, 'Varga Tamás'),
(322, 316, 'Carlo Adami'),
(323, 317, 'Varga Imre'),
(324, 318, 'Ligeti Miklós'),
(325, 319, 'Szanyi Péter'),
(326, 320, 'Beszédes János László'),
(327, 321, 'Donáth Gyula'),
(328, 322, 'Radnai Béla'),
(329, 323, 'Berán Lajos'),
(330, 323, 'Rerrich Béla'),
(331, 324, 'Váradi Sándor'),
(332, 325, 'Stróbl Alajos'),
(333, 326, 'Győrfi Lajos'),
(334, 327, 'Izsó Miklós'),
(335, 327, 'Huszár Adolf '),
(336, 328, 'Ferenczy Béni'),
(337, 329, 'Lelkes Márk'),
(338, 330, 'Vigh Tamás'),
(339, 331, 'Boldogfai Farkas Sándor'),
(340, 332, 'Kő Pál'),
(341, 333, 'Tóth István'),
(342, 334, 'Margó Ede'),
(343, 335, 'Sződy Szilárd'),
(344, 336, 'R. Kaisler Károly'),
(345, 337, 'Trischler Ferenc'),
(346, 338, 'Varga Imre'),
(347, 339, 'Ligeti Miklós'),
(348, 340, 'Szmrecsányi Boldizsár'),
(349, 341, 'Veres Gábor'),
(350, 342, 'Mikus Sándor'),
(351, 343, 'Somogyi József'),
(352, 344, 'Ligeti Miklós'),
(353, 345, 'Bencsik István'),
(354, 346, 'Jankovits Gyula'),
(355, 347, 'Róna József '),
(356, 348, 'Kolozsvári Márton'),
(357, 348, 'Kolozsvári György'),
(358, 349, 'Kolozsvári Márton'),
(359, 349, 'Kolozsvári György'),
(360, 350, 'Kolozsvári Márton'),
(361, 350, 'Kolozsvári György'),
(362, 351, 'Stróbl Alajos'),
(363, 352, 'Domonkos Béla'),
(364, 353, 'Ivan Mykytyuk'),
(365, 354, 'Mészáros Andor'),
(366, 355, 'Marton László'),
(367, 356, 'Párkányi Raab Péter'),
(368, 357, 'Megyeri Barna'),
(369, 358, 'Pátzay Pál'),
(370, 359, 'Stróbl Alajos'),
(371, 360, 'Kamotsay István'),
(372, 361, 'Szabó Iván'),
(373, 362, 'Ungvári Lajos'),
(374, 363, 'Kisfaludi Strobl Zsigmond'),
(375, 364, 'Szervátiusz Tibor'),
(376, 365, 'Domonkos Béla'),
(377, 366, 'Csíkszentmihályi Róbert'),
(378, 367, 'Jankovits Gyula'),
(379, 368, 'Szomor László'),
(380, 369, 'Stróbl Alajos'),
(381, 370, 'Damkó József'),
(382, 371, 'Jankovits Gyula'),
(383, 372, 'Stróbl Alajos'),
(384, 373, 'Medgyessy Ferenc'),
(385, 375, 'Tóth Dávid'),
(386, 376, 'Boldogfai Farkas Sándor'),
(387, 377, 'Kisfaludi Strobl Zsigmond'),
(388, 378, 'Stróbl Alajos'),
(389, 379, 'Stróbl Alajos'),
(390, 380, 'Kő Pál'),
(391, 381, 'Senyei Károly'),
(392, 382, 'Tóth Dávid'),
(393, 383, 'Hüvös László'),
(394, 384, 'Telcs Ede'),
(395, 385, 'Antal Károly'),
(396, 386, 'Czinder Antal'),
(397, 387, 'Istók János'),
(398, 388, 'Engel József'),
(399, 389, 'Gulácsy-Horváth Zsolt'),
(400, 390, 'Lelkes Márk'),
(401, 391, 'Segesdi György'),
(402, 392, 'Stróbl Alajos'),
(403, 393, 'Lesenyei Márta'),
(404, 394, 'Stremeny Géza'),
(405, 395, 'Kovács Ferenc'),
(406, 396, 'Kiss István'),
(407, 397, 'Marton László'),
(408, 398, 'Antal Károly'),
(409, 399, 'Kiss Kovács Gyula'),
(410, 400, 'Boldogfai Farkas Sándor'),
(411, 401, 'Pátzay Pál'),
(412, 402, 'Horváth Béla'),
(413, 403, 'Huszár Imre'),
(414, 404, 'Bory Jenő'),
(415, 405, 'Csikász Imre'),
(416, 406, 'Grantner Jenő'),
(417, 407, 'Kisfaludi Strobl Zsigmond'),
(418, 408, 'Veres Kálmán'),
(419, 409, 'Kovács Ferenc'),
(420, 410, 'Medgyessy Ferenc'),
(421, 411, 'Varga Imre'),
(422, 412, 'Makrisz Agamemnon'),
(423, 413, 'Oláh Mátyás László'),
(424, 414, 'ismeretlen'),
(425, 415, 'Szabó Iván'),
(426, 416, 'Damkó József'),
(427, 417, 'Grantner Jenő'),
(428, 418, 'Párkányi Raab Péter'),
(429, 419, 'Bezerédi Gyula'),
(430, 420, 'Domonkos Béla'),
(431, 421, 'Kiss József'),
(432, 422, 'Tamman'),
(433, 423, 'Senyei Károly'),
(434, 424, 'Zala György'),
(435, 425, 'Donáth Gyula'),
(436, 426, 'Szmrecsányi Boldizsár'),
(437, 427, 'Siklódy Lőrinc'),
(438, 428, 'Nagy Sándor'),
(439, 429, 'Gádor Magda'),
(440, 430, 'Csontos László'),
(441, 431, 'Csikász Imre'),
(442, 432, 'Kiss Kovács Gyula'),
(443, 433, 'Ferenczy Béni'),
(444, 434, 'Mikus Sándor'),
(445, 435, 'Senyei Károly'),
(446, 436, 'Kiss Kovács Gyula'),
(447, 437, 'Varga Imre'),
(448, 438, 'Homokay József'),
(449, 439, 'Kiss György'),
(450, 440, 'Kiss György'),
(451, 441, 'Kiss Kovács Gyula'),
(452, 442, 'Istók János'),
(453, 443, 'Pátzay Pál'),
(454, 444, 'Konyorcsik János'),
(455, 445, 'Kampfl József'),
(456, 446, 'Pátzay Pál'),
(457, 447, 'Kallós Ede'),
(458, 447, 'Telcs Ede'),
(459, 448, 'Nebojsa Mitric'),
(460, 449, 'Varga Imre'),
(461, 450, 'Pátzay Pál'),
(462, 451, 'Bezerédi Gyula'),
(463, 452, 'Vasadi Ferenc'),
(464, 453, 'Holló Barnabás'),
(465, 454, 'Hüvös László'),
(466, 455, 'Mayer Ede'),
(467, 456, 'Bory Jenő'),
(468, 457, 'Berecz Péter'),
(469, 458, 'Orbán Antal'),
(470, 459, 'Róna József'),
(471, 460, 'Borbereki Kovács Zoltán'),
(472, 461, 'Szécsi Antal');

-- --------------------------------------------------------

--
-- Tábla szerkezet ehhez a táblához `anyag`
--

CREATE TABLE `anyag` (
  `id` int(11) NOT NULL,
  `szoborid` int(11) NOT NULL,
  `nev` varchar(50) COLLATE utf8_hungarian_ci NOT NULL
) ENGINE=InnoDB DEFAULT CHARSET=utf8 COLLATE=utf8_hungarian_ci;

--
-- A tábla adatainak kiíratása `anyag`
--

INSERT INTO `anyag` (`id`, `szoborid`, `nev`) VALUES
(1, 1, 'mészkő'),
(2, 2, 'bronz'),
(3, 2, 'kő'),
(4, 3, 'mészkő'),
(5, 3, 'bronz'),
(6, 4, 'mészkő'),
(7, 4, 'bronz'),
(8, 5, 'mészkő'),
(9, 5, 'bronz'),
(10, 6, 'mészkő'),
(11, 7, 'mészkő'),
(12, 7, 'bronz'),
(13, 9, 'mészkő'),
(14, 10, 'acél'),
(15, 11, 'bronz'),
(16, 12, 'bronz'),
(17, 12, 'kockakő'),
(18, 13, 'gránit'),
(19, 14, 'mészkő'),
(20, 14, 'műkő'),
(21, 15, 'bronz'),
(22, 16, 'mészkő'),
(23, 17, 'bronz'),
(24, 18, 'bronz'),
(25, 19, 'mészkő'),
(26, 20, 'mozaik'),
(27, 21, 'bronz'),
(28, 22, 'bronz'),
(29, 23, 'bronz'),
(30, 24, 'mészkő'),
(31, 24, 'bronz'),
(32, 25, 'mészkő'),
(33, 26, 'mészkő'),
(34, 27, 'bronz'),
(35, 28, 'bronz'),
(36, 29, 'mészkő'),
(37, 30, 'alumínium'),
(38, 31, 'mészkő'),
(39, 32, 'mészkő'),
(40, 33, 'márvány'),
(41, 34, 'bronz'),
(42, 35, 'bronz'),
(43, 36, 'márvány'),
(44, 37, 'mészkő'),
(45, 38, 'festett gipsz'),
(46, 39, 'öntöttvas'),
(47, 40, 'öntöttvas'),
(48, 41, 'gránit'),
(49, 41, 'bronz'),
(50, 42, 'bronz'),
(51, 43, 'vas'),
(52, 44, 'gránit'),
(53, 44, 'bronz'),
(54, 45, 'márvány'),
(55, 46, 'márvány'),
(56, 47, 'mészkő'),
(57, 48, 'beton'),
(58, 48, 'bronz'),
(59, 48, 'tükör'),
(60, 49, 'mészkő'),
(61, 50, 'bronz'),
(62, 51, 'márvány'),
(63, 52, 'mészkő'),
(64, 53, 'mészkő'),
(65, 54, 'mészkő'),
(66, 55, 'bronz'),
(67, 56, 'márvány'),
(68, 57, 'márvány'),
(69, 58, 'mázas kerámia'),
(70, 59, 'mészkő'),
(71, 60, 'bronz'),
(72, 61, 'bronz'),
(73, 62, 'bronz'),
(74, 63, 'bronz'),
(75, 64, 'bronz'),
(76, 65, 'bronz'),
(77, 66, 'bronz'),
(78, 67, 'bronz'),
(79, 68, 'márvány'),
(80, 69, 'mészkő'),
(81, 70, 'mészkő'),
(82, 71, 'bronz'),
(83, 72, 'márvány'),
(84, 73, 'mészkő'),
(85, 74, 'öntöttvas'),
(86, 75, 'bronz'),
(87, 75, 'mészkő'),
(88, 76, 'bronz'),
(89, 77, 'bronz'),
(90, 78, 'bronz'),
(91, 79, 'bronz'),
(92, 80, 'mészkő'),
(93, 81, 'alumínium'),
(94, 82, 'bronz'),
(95, 83, 'beton'),
(96, 83, 'mozaik'),
(97, 84, 'bronz'),
(98, 85, 'kő'),
(99, 85, 'bronz'),
(100, 86, 'mészkő'),
(101, 87, 'mészkő'),
(102, 87, 'bronz'),
(103, 88, 'bronz'),
(104, 89, 'mészkő'),
(105, 90, 'kerámia'),
(106, 91, 'bronz'),
(107, 92, 'bronz'),
(108, 92, 'kő'),
(109, 93, 'bronz'),
(110, 94, 'Zsolnay kerámia'),
(111, 95, 'bronz'),
(112, 96, 'bronz'),
(113, 97, 'öntöttvas'),
(114, 98, 'bronz'),
(115, 99, 'bronz'),
(116, 100, 'bronz'),
(117, 101, 'bronz'),
(118, 102, 'bronz'),
(119, 103, 'bronz'),
(120, 104, 'bronz'),
(121, 105, 'mészkő'),
(122, 106, 'bronz'),
(123, 107, 'bronz'),
(124, 108, 'porcelán'),
(125, 109, 'mészkő'),
(126, 109, 'bronz'),
(127, 110, 'bronz'),
(128, 111, 'mészkő'),
(129, 112, 'bronz'),
(130, 113, 'bronz'),
(131, 114, 'bronz'),
(132, 115, 'mészkő'),
(133, 116, 'márvány'),
(134, 117, 'bronz'),
(135, 118, 'bronz'),
(136, 119, 'mészkő'),
(137, 120, 'bronz'),
(138, 121, 'bronz'),
(139, 122, 'mészkő'),
(140, 123, 'bronz'),
(141, 124, 'bronz'),
(142, 125, 'bronz'),
(143, 126, 'bronz'),
(144, 126, 'kő'),
(145, 127, 'mészkő'),
(146, 128, 'mészkő'),
(147, 129, 'bronz'),
(148, 130, 'bronz'),
(149, 131, 'bronz'),
(150, 132, 'bronz'),
(151, 133, 'bronz'),
(152, 133, 'mészkő'),
(153, 134, 'bronz'),
(154, 135, 'bronz'),
(155, 136, 'andezit'),
(156, 136, 'bronz'),
(157, 137, 'bronz'),
(158, 138, 'bronz'),
(159, 139, 'bronz'),
(160, 140, 'bronz'),
(161, 141, 'bronz'),
(162, 142, 'bronz'),
(163, 143, 'bronz'),
(164, 144, 'mészkő'),
(165, 145, 'bronz'),
(166, 146, 'mészkő'),
(167, 147, 'mészkő'),
(168, 148, 'alumínium'),
(169, 149, 'bronz'),
(170, 149, 'kő'),
(171, 150, 'acél'),
(172, 150, 'réz'),
(173, 150, 'bronz'),
(174, 151, 'bronz'),
(175, 152, 'mészkő'),
(176, 152, 'bronz'),
(177, 153, 'bronz'),
(178, 154, 'bronz'),
(179, 155, 'mészkő'),
(180, 156, 'bronz'),
(181, 157, 'bronz'),
(182, 158, 'bronz'),
(183, 159, 'műkő'),
(184, 160, 'bronz'),
(185, 161, 'bronz'),
(186, 162, 'bronz'),
(187, 163, 'bronz'),
(188, 164, 'bronz'),
(189, 165, 'bronz'),
(190, 166, 'bronz'),
(191, 167, 'mészkő'),
(192, 168, 'gránit'),
(193, 168, 'üveg'),
(194, 169, 'bronz'),
(195, 170, 'mészkő'),
(196, 171, 'mészkő'),
(197, 172, 'mészkő'),
(198, 173, 'öntöttvas'),
(199, 174, 'bronz'),
(200, 174, 'márvány'),
(201, 175, 'mészkő'),
(202, 176, 'gránit'),
(203, 177, 'réz'),
(204, 177, 'krómacél'),
(205, 178, 'bronz'),
(206, 179, 'mészkő'),
(207, 180, 'mészkő'),
(208, 181, 'bronz'),
(209, 182, 'bronz'),
(210, 183, 'bronz'),
(211, 184, 'bronz'),
(212, 185, 'bronz'),
(213, 186, 'márvány'),
(214, 187, 'bronz'),
(215, 188, 'alumínium'),
(216, 188, 'bronz'),
(217, 189, 'bronz'),
(218, 190, 'bronz'),
(219, 191, 'bronz'),
(220, 192, 'bronz'),
(221, 193, 'mészkő'),
(222, 194, 'bronz'),
(223, 195, 'bronz'),
(224, 196, 'bronz'),
(225, 197, 'mészkő'),
(226, 198, 'bronz'),
(227, 199, 'bronz'),
(228, 200, 'bronz'),
(229, 201, 'bronz'),
(230, 202, 'bronz'),
(231, 202, 'márvány'),
(232, 203, 'bronz'),
(233, 204, 'mészkő'),
(234, 205, 'márvány'),
(235, 206, 'mészkő'),
(236, 207, 'bronz'),
(237, 208, 'bronz'),
(238, 209, 'bronz'),
(239, 210, 'bronz'),
(240, 211, 'bronz'),
(241, 212, 'mészkő'),
(242, 213, 'bronz'),
(243, 214, 'márvány'),
(244, 215, 'bronz'),
(245, 216, 'mészkő'),
(246, 217, 'mészkő'),
(247, 218, 'mészkő'),
(248, 219, 'műkő'),
(249, 220, 'bronz'),
(250, 220, 'mészkő'),
(251, 221, 'bronz'),
(252, 222, 'bronz'),
(253, 223, 'bronz'),
(254, 224, 'bronz'),
(255, 225, 'bronz'),
(256, 226, 'mészkő'),
(257, 227, 'mészkő'),
(258, 227, 'bronz'),
(259, 228, 'bronz'),
(260, 229, 'bronz és kő'),
(261, 230, 'bronz'),
(262, 231, 'márvány'),
(263, 232, 'bronz'),
(264, 233, 'bronz'),
(265, 234, 'mészkő'),
(266, 234, 'rézlemez'),
(267, 235, 'mészkő'),
(268, 236, 'márvány'),
(269, 237, 'bronz'),
(270, 238, 'bronz'),
(271, 239, 'rézlemez'),
(272, 240, 'bronz'),
(273, 241, 'bronz'),
(274, 241, 'mészkő'),
(275, 242, 'bronz'),
(276, 243, 'bronz'),
(277, 244, 'bronz'),
(278, 245, 'bronz'),
(279, 246, 'bronz'),
(280, 247, 'bronz'),
(281, 248, 'bronz'),
(282, 249, 'bronz'),
(283, 250, 'bronz'),
(284, 251, 'bronz'),
(285, 252, 'bronz'),
(286, 253, 'bronz'),
(287, 254, 'bronz'),
(288, 255, 'mészkő'),
(289, 256, 'bronz'),
(290, 257, 'mészkő'),
(291, 258, 'festett mészkő'),
(292, 259, 'bronz'),
(293, 260, 'bronz'),
(294, 261, 'mészkő'),
(295, 262, 'mészkő'),
(296, 263, 'mészkő'),
(297, 264, 'bronz'),
(298, 265, 'bronz'),
(299, 265, 'kő'),
(300, 266, 'bronz'),
(301, 267, 'mészkő'),
(302, 268, 'mészkő'),
(303, 268, 'bronz'),
(304, 269, 'bronz'),
(305, 270, 'mészkő'),
(306, 271, 'kő'),
(307, 271, 'bronz'),
(308, 272, 'bronz'),
(309, 273, 'bronz'),
(310, 274, 'bronz'),
(311, 275, 'mészkő'),
(312, 276, 'bronz'),
(313, 277, 'bronz'),
(314, 278, 'bronz'),
(315, 278, 'krómacél'),
(316, 280, 'bronz'),
(317, 281, 'bronz'),
(318, 282, 'mészkő'),
(319, 283, 'bronz'),
(320, 284, 'mészkő'),
(321, 285, 'bronz'),
(322, 286, 'bronz'),
(323, 286, 'mészkő'),
(324, 287, 'mészkő'),
(325, 288, 'bronz'),
(326, 290, 'bronz'),
(327, 291, 'bronz'),
(328, 292, 'krómacél'),
(329, 293, 'bronz'),
(330, 294, 'bronz'),
(331, 295, 'bronz'),
(332, 295, 'acél'),
(333, 296, 'bronz'),
(334, 297, 'mészkő'),
(335, 298, 'bronz'),
(336, 299, 'bronz'),
(337, 300, 'mészkő'),
(338, 301, 'gipsz'),
(339, 302, 'mészkő'),
(340, 303, 'bronz'),
(341, 304, 'mészkő'),
(342, 305, 'bronz'),
(343, 306, 'márvány'),
(344, 307, 'mészkő'),
(345, 308, 'gránit'),
(346, 308, 'bronz'),
(347, 309, 'márvány'),
(348, 310, 'mészkő'),
(349, 311, 'bronz'),
(350, 312, 'mészkő'),
(351, 313, 'bronz'),
(352, 314, 'bronz'),
(353, 315, 'bronz'),
(354, 316, 'mészkő'),
(355, 317, 'bronz'),
(356, 318, 'mészkő'),
(357, 318, 'márvány'),
(358, 319, 'bronz'),
(359, 320, 'bronz'),
(360, 321, 'mészkő'),
(361, 322, 'márvány'),
(362, 323, 'mészkő'),
(363, 323, 'bronz'),
(364, 324, 'alumínium'),
(365, 325, 'márvány'),
(366, 326, 'bronz'),
(367, 327, 'bronz'),
(368, 328, 'bronz'),
(369, 329, 'bronz'),
(370, 330, 'mészkő'),
(371, 331, 'bronz'),
(372, 332, 'mészkő'),
(373, 332, 'öntöttvas'),
(374, 332, 'bronz'),
(375, 333, 'mészkő'),
(376, 334, 'bronz'),
(377, 335, 'bronz'),
(378, 335, 'mészkő'),
(379, 336, 'márvány'),
(380, 337, 'bronz'),
(381, 338, 'bronz'),
(382, 339, 'bronz'),
(383, 340, 'diabáz'),
(384, 341, 'bronz'),
(385, 342, 'bronz'),
(386, 343, 'bronz'),
(387, 344, 'bronz'),
(388, 345, 'bronz'),
(389, 346, 'bronz'),
(390, 347, 'bronz'),
(391, 347, 'mészkő'),
(392, 348, 'mészkő'),
(393, 349, 'bronz'),
(394, 350, 'bronz'),
(395, 351, 'márvány'),
(396, 352, 'bronz'),
(397, 353, 'bronz'),
(398, 354, 'bronz'),
(399, 355, 'bronz'),
(400, 356, 'bronz'),
(401, 357, 'bronz'),
(402, 358, 'bronz'),
(403, 359, 'festett mészkő'),
(404, 360, 'bronz'),
(405, 361, 'bronz'),
(406, 362, 'bronz'),
(407, 363, 'bronz'),
(408, 364, 'mészkő'),
(409, 364, 'bronz'),
(410, 365, 'mészkő'),
(411, 365, 'bronz'),
(412, 366, 'mészkő'),
(413, 367, 'bronz'),
(414, 368, 'mészkő'),
(415, 369, 'márvány'),
(416, 370, 'márvány'),
(417, 371, 'mészkő'),
(418, 371, 'bronz'),
(419, 372, 'márvány'),
(420, 373, 'mészkő'),
(421, 375, 'mészkő'),
(422, 376, 'márvány'),
(423, 377, 'mészkő'),
(424, 377, 'bronz'),
(425, 378, 'bronz'),
(426, 379, 'márvány'),
(427, 380, 'kő'),
(428, 381, 'bronz'),
(429, 382, 'mészkő'),
(430, 383, 'bronz'),
(431, 384, 'bronz'),
(432, 385, 'márvány'),
(433, 386, 'mészkő'),
(434, 387, 'bronz'),
(435, 388, 'bronz'),
(436, 389, 'bronz'),
(437, 390, 'bronz'),
(438, 391, 'acél'),
(439, 392, 'márvány'),
(440, 393, 'bronz'),
(441, 394, 'bronz'),
(442, 395, 'mészkő'),
(443, 396, 'krómacél'),
(444, 396, 'üveg'),
(445, 397, 'bronz'),
(446, 398, 'mészkő'),
(447, 398, 'bronz'),
(448, 399, 'mészkő'),
(449, 399, 'bronz'),
(450, 400, 'bronz'),
(451, 401, 'márvány'),
(452, 402, 'mészkő'),
(453, 402, 'bronz'),
(454, 403, 'alumínium'),
(455, 404, 'bronz'),
(456, 405, 'bronz'),
(457, 406, 'bronz'),
(458, 407, 'mészkő'),
(459, 407, 'bronz'),
(460, 408, 'vörösréz'),
(461, 409, 'bronz'),
(462, 410, 'bronz'),
(463, 411, 'bronz'),
(464, 412, 'bronz'),
(465, 413, 'bronz'),
(466, 414, 'alumínium'),
(467, 415, 'bronz'),
(468, 417, 'bronz'),
(469, 418, 'bronz'),
(470, 419, 'mészkő'),
(471, 419, 'bronz'),
(472, 420, 'bronz'),
(473, 421, 'bronz'),
(474, 422, 'márvány'),
(475, 423, 'bronz'),
(476, 424, 'bronz'),
(477, 425, 'bronz'),
(478, 426, 'bronz'),
(479, 427, 'márvány'),
(480, 428, 'mészkő'),
(481, 429, 'mészkő'),
(482, 430, 'mészkő'),
(483, 431, 'bronz'),
(484, 432, 'alumínium'),
(485, 433, 'bronz'),
(486, 434, 'mészkő'),
(487, 435, 'bronz'),
(488, 436, 'bronz'),
(489, 437, 'bronz'),
(490, 437, 'krómacél'),
(491, 438, 'mészkő'),
(492, 439, 'márvány'),
(493, 440, 'márvány'),
(494, 441, 'alumínium'),
(495, 442, 'bronz'),
(496, 443, 'bronz'),
(497, 444, 'mészkő'),
(498, 445, 'gránit'),
(499, 445, 'bronz'),
(500, 446, 'bronz'),
(501, 447, 'márvány'),
(502, 448, 'gránit'),
(503, 448, 'bronz'),
(504, 449, 'gránit'),
(505, 449, 'bronz'),
(506, 450, 'bronz'),
(507, 451, 'bronz'),
(508, 451, 'mészkő'),
(509, 452, 'festett mészkő'),
(510, 453, 'márvány'),
(511, 453, 'bronz'),
(512, 454, 'mészkő'),
(513, 455, 'bronz'),
(514, 456, 'mészkő'),
(515, 457, 'mészkő'),
(516, 458, 'bronz'),
(517, 459, 'mészkő'),
(518, 459, 'bronz'),
(519, 460, 'bronz'),
(520, 461, 'bronz');

-- --------------------------------------------------------

--
-- Tábla szerkezet ehhez a táblához `szobor`
--

CREATE TABLE `szobor` (
  `id` int(11) NOT NULL,
  `cim` varchar(100) COLLATE utf8_hungarian_ci NOT NULL,
  `ev` int(11),
  `kerulet` int(11) NOT NULL,
  `hely` varchar(100) COLLATE utf8_hungarian_ci NOT NULL
) ENGINE=InnoDB DEFAULT CHARSET=utf8 COLLATE=utf8_hungarian_ci;

--
-- A tábla adatainak kiíratása `szobor`
--

INSERT INTO `szobor` (`id`, `cim`, `ev`, `kerulet`, `hely`) VALUES
(1, '0 km kő', 1975, 1, 'Clark Ádám tér'),
(2, '1956-os emlékmű', 1991, 5, 'Kossuth Lajos tér'),
(3, '1956-os emlékmű', 2001, 22, 'városház tér'),
(4, '1956-os mártíremlékmű', 1993, 9, 'Bakáts tér'),
(5, '1956-os mártíremlékmű', 1993, 19, 'Ötvenhatosok tere'),
(6, '1956-os obeliszk', 1996, 1, 'Tabán hegyoldal'),
(7, '32-es háziezred hősi emlékműve', 1933, 8, '32-esek tere'),
(8, '56-os emlékmű', NULL, 2, 'Széna tér'),
(9, '56-os Műegyetemi emlékmű', 2006, 11, 'Műegyetem rakpart'),
(10, '56-os zászló Óbudán', 2006, 3, 'Budai alsó rakpart'),
(11, 'A 7 vezér', 1912, 14, 'Hősök tere'),
(12, 'A fasizmus áldozatainak emlékműve', 1985, 12, 'Gesztenyés kert'),
(13, 'A forradalom lángja', 1996, 5, 'Kossuth tér'),
(14, 'A lengyel légionisták emléke', 1934, 10, 'Lengyel sétány'),
(15, 'Ady Endre', 1960, 6, 'Liszt Ferenc tér'),
(16, 'Ady Endre síremléke', 1930, 8, 'Kerepesi temető'),
(17, 'Agronómuslány', 1954, 5, 'Kossuth tér'),
(18, 'Alpár Ignác', 1931, 14, 'Vajdahunyad sétány'),
(19, 'Amforák', 1965, 11, 'Szabó Dezső sétány'),
(20, 'Angyalos címer', 1880, 1, 'Clark Ádám tér'),
(21, 'Anonymus', 1903, 14, 'Széchenyi sziget'),
(22, 'Dr. Antall József', 2003, 1, 'Apród utca'),
(23, 'Dr. Antall József', 2003, 15, 'Pestújhelyi tér'),
(24, 'Antifasiszta ellenállók emlékműve', 1979, 2, 'Margit körút'),
(25, 'Anya gyermekével', NULL, 8, 'Üllői út'),
(26, 'Anya gyermekével', 1981, 20, 'Baross utca'),
(27, 'Anya gyermekkel', 1972, 5, 'Kossuth tér'),
(28, 'Anya gyermekkel', 1980, 11, 'Goldmann György tér'),
(29, 'Anya gyermekkel', 1958, 14, 'Kerepesi út'),
(30, 'Anya gyermekkel', 1954, 14, 'Nagy Lajos király útja'),
(31, 'Anya gyermekkel', 1962, 20, 'Kossuth Lajos utca'),
(32, 'Anya gyermekkel', 1958, 20, 'Vízisport utca'),
(33, 'Anyai szeretet', 1937, 2, 'Vérhalom tér'),
(34, 'Anyaság', 1958, 2, 'Török utca'),
(35, 'Anyák szobra', 1933, 20, 'Szent Erzsébet tér'),
(36, 'Anyánk', 1896, 1, 'Magyar Nemzeti Galéria'),
(37, 'Apáczai Csere János', 1966, 11, 'Bogdánfy utca'),
(38, 'Aphrodite', 1914, 1, 'Magyar Nemzeti Galéria'),
(39, 'Apolló', NULL, 2, 'Pap-kert'),
(40, 'Apolló', 1983, 7, 'Károly körút'),
(41, 'Apor Vilmos', 1997, 12, 'Apor Vilmos tér'),
(42, 'Arany János emlékmű', 1893, 8, 'Nemzeti Múzeum kertje'),
(43, 'Artemisz kút', NULL, 1, 'Úri utca'),
(44, 'Arthur Koestler', 2009, 6, 'Lövölde tér'),
(45, 'Assisi Szent Ferenc', NULL, 5, 'Szent István tér'),
(46, 'Assisi Szent Ferenc', NULL, 9, 'Bakáts tér'),
(47, 'Ave Világ Királynéja', 1938, 12, 'Városmajor'),
(48, 'Az 1944 és 1990 között üldözöttek emlékműve', 1996, 1, 'Dózsa tér'),
(49, 'Az ifjúság kútja', 1938, 2, 'Margit tér'),
(50, 'Az ifjúság kútja', 1961, 13, 'Tahi utca'),
(51, 'Az ifjúság kútja', 1928, 14, 'Olof Palme sétány'),
(52, 'Ádám Károly síremléke', NULL, 8, 'Kerepesi temető'),
(53, 'Álló nő', 1970, 14, 'Bosnyák tér'),
(54, 'Álmos és Előd', 1902, 1, 'Halászbástya'),
(55, 'Árpádházi Szent Erzsébet', NULL, 1, 'Bem rakpart'),
(56, 'Árpádházi Szent Erzsébet', NULL, 5, 'Szent István tér'),
(57, 'Árpádházi Szent Erzsébet', 1932, 7, 'Rózsák tere'),
(58, 'Árpádházi Szent Erzsébet', 1997, 20, 'Szent Erzsébet tér'),
(59, 'Bajcsy-Zsilinszky Endre', 2006, 5, 'Deák tér'),
(60, 'Bajtársak', 1926, 22, 'Savoyai Jenő tér'),
(61, 'Balassi Bálint', 1959, 6, 'Kodály körönd'),
(62, 'Bandholtz, Harry Hill', 1936, 5, 'Szabadság tér'),
(63, 'Barbárok harca a rómaiakkal', 1971, 5, 'Március 15. tér'),
(64, 'Baross Gábor', 1898, 8, 'Baross tér'),
(65, 'Bartók Béla', 1981, 2, 'Csalán út 29'),
(66, 'Bartók Béla', 1981, 11, 'Bartók Béla út'),
(67, 'Batthyány örökmécses', 1926, 5, 'Báthori utca'),
(68, 'Bayer-Krucsay család síremléke', NULL, 8, 'Kerepesi temető'),
(69, 'Bánóczi Végess család síremléke', NULL, 8, 'Kerepesi temető'),
(70, 'Báthory István', 1933, 14, 'Báthory István park'),
(71, 'Beck Ö. Fülöp', 1973, 13, 'Margitsziget'),
(72, 'Beethoven emlékszobor', 1932, 12, 'Városmajor-i park'),
(73, 'Befogadás emlékműve', 2004, 12, 'Szarvas Gábor út'),
(74, 'Belvederei Apolló', 1894, 8, 'Nemzeti Múzeum kertje'),
(75, 'Bem tábornok', 1934, 2, 'Bem tér'),
(76, 'Bethlen Gábor', 1902, 14, 'Hősök tere'),
(77, 'Béke', 1908, 14, 'Hősök tere'),
(78, 'Béke', NULL, 1, 'Várnegyed'),
(79, 'Békebeli rendőr', 2008, 5, 'Zrínyi utca'),
(80, 'Bicinia', 1980, 11, 'Bogdánfy utca'),
(81, 'Boci', 1964, 11, 'Irinyi József utca'),
(82, 'Bocskai István', 1903, 14, 'Hősök tere'),
(83, 'Bohóc kút', 1983, 14, 'Városliget'),
(84, 'Bonfini', 1934, 1, 'Budai Királyi Várpalota'),
(85, 'Borárus', 1983, 9, 'Boráros tér'),
(86, 'Brigádvezető nő', 1954, 11, 'Villányi út'),
(87, 'Brunswick Teréz grófnő', 1994, 1, 'Gránit lépcső'),
(88, 'Buda-király és Pest-kisasszony', 1982, 1, 'Gellérthegy'),
(89, 'Budapest múltja és jelene', 1965, 11, 'Gellérhegy'),
(90, 'Budavár ostroma', 1977, 1, 'Ostrom utca'),
(91, 'Budavár visszavétele', 1936, 1, 'Bécsi kapu tér'),
(92, 'Cantata profana díszkút', 2000, 12, 'Királyhágó tér'),
(93, 'Carl Lutz emlékmű', 1991, 7, 'Dob utca'),
(94, 'Centenáriumi díszkút', 1973, 1, 'Tóth Árpád sétány'),
(95, 'Centenáriumi emlékmű', 1973, 13, 'Margitsziget'),
(96, 'Sir Winston Churchill', 2003, 14, 'Városliget'),
(97, 'Cipők a Duna-parton emlékmű', 2005, 5, 'Széchenyi rakpart'),
(98, 'Család', 1964, 3, 'Bécsi út'),
(99, 'Csengery Antal', 1938, 7, 'Almássy tér'),
(100, 'Csikó', 1958, 10, 'Szárnyas utca'),
(101, 'Csikós', 1901, 1, 'Hunyadi-udvar'),
(102, 'Csirkefogó', 1927, 8, 'József körút'),
(103, 'Csongor és Tünde', 1903, 1, 'Királyi Palota'),
(104, 'Danaidák kútja', 1933, 5, 'Szomory Dezső tér'),
(105, 'Danubius kút', 1883, 5, 'Erzsébet tér'),
(106, 'Deák Ferenc emlékmű', 1887, 5, 'Roosevelt tér'),
(107, 'Diákok hősi emléke', 1937, 6, 'Izabella utca'),
(108, 'Díszítőszobor', 1979, 14, 'Városliget'),
(109, 'Díszkút 3 lány', 1981, 8, 'Kálvária tér'),
(110, 'Díszkút', 1979, 14, 'Kós Károly sétány'),
(111, 'Dózsa György emlékmű', 1961, 1, 'Dózsa tér'),
(112, 'Dunai szél', 1937, 5, 'Dunakorzó'),
(113, 'Egry József', 1980, 11, 'Egry József utca'),
(114, 'Egyetemi hősi emlék emlékmű', 1930, 5, 'Egyetem tér'),
(115, 'Egyetértés kút', 1805, 6, 'Hegedű utca'),
(116, 'Eisele család síremléke', 1913, 8, 'Kerepesi temető'),
(117, 'Elhagyottak', 1932, 8, 'Horváth Mihály tér'),
(118, 'Első világháborús hősi emlék', NULL, 4, 'Tanoda tér'),
(119, 'Emberpár', 1978, 20, 'Baross utca'),
(120, 'báró Eötvös József ', 1879, 5, 'Eötvös tér'),
(121, 'Erdélyi 2-es huszárok emlékműve', 1934, 1, 'Tóth Árpád sétány'),
(122, 'Erkel Ferenc', 1884, 6, 'Operaház'),
(123, 'Erzsébet királyné', 1932, 1, 'Döbrentei tér'),
(124, 'Erzsébet királyné', 2004, 20, 'Kossuth Lajos utca'),
(125, 'Ébredés (Bánat)', 1937, 2, 'Hűvösvölgyi út'),
(126, 'Faun kút', 1988, 7, 'Erzsébet körút'),
(127, 'Fekvő nő', 1984, 1, 'Mikó utca'),
(128, 'Ferdinánd-hídi kútszobor', 1873, 6, 'Podmaniczky utca'),
(129, 'Fél a baba', 1936, 10, 'Szent László tér'),
(130, 'Figyelő kutya DOG', 1938, 7, 'Hutyra Ferenc utca'),
(131, 'Filozófiai kert', 2001, 1, 'Gellérthegy'),
(132, 'Fiú madárral', 1978, 2, 'Frankel Leó út'),
(133, 'dr. Fodor József', 1909, 8, 'Gutenberg tér'),
(134, 'Furulyázó lány', 1967, 13, 'Margitsziget'),
(135, 'Gábor arkangyal', 1901, 14, 'Hősök tere'),
(136, 'Gábor Áron emlékmű', 1980, 2, 'Szilágyi Erzsébet fasor'),
(137, 'Gárdonyi Géza szobor két mellékalakkal', 1933, 11, 'Bartók Béla út'),
(138, 'Gobbi Hilda', 2002, 9, 'Nemzeti Színház'),
(139, 'Gondolkodó', 1968, 2, 'Medve utca'),
(140, 'Görgey Artúr lovasszobor', 1935, 1, 'Fehérvári rondella'),
(141, 'Greguss Ágost mellszobor', 1913, 1, 'Lovas út'),
(142, 'Gül Baba', 2000, 2, 'Türbe tér'),
(143, 'Hadik András', 1936, 1, 'Szentháromság utca'),
(144, 'Halas fiú', 1961, 11, 'Ulászló utca'),
(145, 'Halas lány', 2001, 1, 'Várszínház'),
(146, 'Halárus lány (Halászlány) kút', 1862, 5, 'Kristóf tér'),
(147, 'Halász', 1963, 11, 'Erőmű utca'),
(148, 'Halászfiú', 1965, 12, 'Kékgolyó utca'),
(149, 'Halászó gyerekek', 1900, 1, 'Budai vár'),
(150, 'Harangvirág Az összefogás harangjai', 2004, 1, 'Szent György tér'),
(151, 'Harrer Pál', 2010, 3, 'Fő tér'),
(152, 'Haydn emlékmű', 1960, 1, 'Haydn park'),
(153, 'Háború', 1906, 14, 'Hősök tere'),
(154, 'Háború', NULL, 1, 'Budavári Palota'),
(155, 'Herman Ottó emlékkút', 1972, 1, 'Vérmező'),
(156, 'Hermész kút', 1985, 5, 'Váci utca'),
(157, 'HOFI', 2004, 6, 'Nagymező utca'),
(158, 'Honvéd szobor', 1893, 1, 'Dísz tér'),
(159, 'Hősi emlékmű 1914-1918', 1925, 14, 'Álmos vezér tere'),
(160, 'Hősi emlék(mű) 1914-1918', 1940, 20, 'Magyarok Nagyasszonya tér'),
(161, 'Hunyadi János', 1903, 1, 'Hunyadi János út'),
(162, 'Hunyadi János', 1906, 14, 'Hősök tere'),
(163, 'Hunyadi János', 1956, 14, 'Városliget'),
(164, 'Hunyadi Mátyás', 1905, 14, 'Hősök tere'),
(165, 'Huszár karddal', 1932, 1, 'Szent György utca'),
(166, 'Huszár születik', 1937, 12, 'Diós árok'),
(167, 'Hüvelyk Matyi', 1933, 12, 'Városmajor'),
(168, 'Időkerék', 2004, 14, 'Dózsa György út'),
(169, 'Íjász', 1929, 14, 'Műjégpálya'),
(170, 'Immaculata kegyoszlop', 1928, 1, 'Krisztina tér'),
(171, 'Immaculata kegyoszlop', 1724, 1, 'Mária tér'),
(172, 'Immaculata kegyoszlop 3 mellékalakkal', 1942, 5, 'Szervita tér'),
(173, 'Immaculata kegyoszlop', 1867, 8, 'Rákóczi út'),
(174, 'Irányi Dániel', 1904, 5, 'Károlyi kert'),
(175, 'Irinyi János', 1965, 11, 'Lágymányosi utca'),
(176, 'I. Tóth Zoltán Akadémiai 56-os emlék', 2006, 5, 'Roosevelt tér'),
(177, 'Ivócsanak', 1982, 9, 'Boráros tér'),
(178, 'Ivó paraszt', 1951, 20, 'Magyarok Nagyasszonya tér'),
(179, 'Játszó gyerekek', 1965, 11, 'Baranyai tér'),
(180, 'Játszó gyerekek', 1933, 12, 'Németvölgyi út'),
(181, 'Jókai Mór', 1921, 6, 'Jókai tér'),
(182, 'József Attila', 1980, 5, 'Kossuth tér'),
(183, 'József Attila', 2006, 6, 'Liszt Ferenc tér'),
(184, 'József Attila emlékmű', 1952, 13, 'József Attila tér'),
(185, 'József nádor', 1869, 5, 'József nádor tér'),
(186, 'Judit és Holofernész', 1862, 1, 'Magyar Nemzeti Galéria'),
(187, 'Julianus és Gellért barát', 1937, 1, 'Hilton Szálló'),
(188, 'Kamermayer Károly', 1942, 5, 'Kamermayer Károly tér'),
(189, 'Kamermayer Károly síremléke', 1901, 8, 'Kerepesi temető'),
(190, 'Kapás lány', 1962, 12, 'Kiss János altábornagy'),
(191, 'Kapisztrán János', 1922, 1, 'Kapisztrán tér'),
(192, 'Karinthy Frigyes emlékmű', 1988, 11, 'Karinthy Frigyes út'),
(193, 'Karitas Romana', NULL, 8, 'Ötpacsirta utca'),
(194, 'Kaszás legény', 1956, 5, 'Kossuth tér'),
(195, 'Kazinczy emlékmű', 1936, 1, 'Bécsi kapu tér'),
(196, 'Kálmán Imre', 2007, 6, 'Nagymező utca'),
(197, 'Kálvária szakrális szobrok', 1942, 8, 'Rezső tér'),
(198, 'Kálvin János', 2000, 9, 'Kálvin tér'),
(199, 'Károly Róbert', 1905, 14, 'Hősök tere'),
(200, 'gróf Károlyi István emlékmű', 1997, 4, 'Szent István tér'),
(201, 'gróf Károlyi Mihály emlékmű', 1975, 5, 'Kossuth Lajos tér'),
(202, 'gróf Károlyi Sándor', 1908, 14, 'Városliget'),
(203, 'Mustafa Kemal Atatürk', 1993, 1, 'Naphegy tér'),
(204, 'Keresztvitel', 1938, 2, 'Pasaréti tér'),
(205, 'Kilián család síremléke', 1915, 8, 'Kerepesi temető'),
(206, 'Kilus kút (Léda)', 1987, 1, 'Mészáros utca'),
(207, 'Kisfiú-kút', 1977, 5, 'Váci utca'),
(208, 'Kiskirálylány', 1989, 5, 'Vígadó tér'),
(209, 'Kis Pegazus', 1979, 3, 'San Marco utca'),
(210, 'Kiss Manyi', 2002, 9, 'Nemzeti Színház'),
(211, 'Kígyóölő', 1961, 2, 'Rómer Flóris utca'),
(212, 'gróf Klebelsberg Kuno emlékmű', 1937, 11, 'Villányi út'),
(213, 'Kodály Zoltán', 1982, 1, 'Püspökkert'),
(214, 'Konkoly Thege Gyula síremléke', 1932, 8, 'Kerepesi temető'),
(215, 'Korsós lány', 1967, 14, 'Torontál utca'),
(216, 'Korsós nő', 1938, 2, 'Nagy Lajos tér'),
(217, 'Korsós nő', 1950, 9, 'Kvassay Jenő utca'),
(218, 'Korsós nő', 1958, 14, 'Kerepesi út'),
(219, 'Korsós nő', 1905, 14, 'Széchenyi fürdő'),
(220, 'Kós Károly emlékmű', 1987, 19, 'Kós Károly tér'),
(221, 'Kossuth emlékmű', 1952, 5, 'Kossuth tér'),
(222, 'Kossuth Lajos', 1953, 14, 'Hősök tere'),
(223, 'Kossuth Lajos', 1910, 19, 'Kossuth tér'),
(224, 'Kossuth Lajos', 1909, 20, 'Kossuth Lajos tér'),
(225, 'Kossuth mauzóleum Szárnyas géniusz', 1909, 8, 'Kerepesi temető'),
(226, 'Kossuth Zsuzsanna mellszobor', 2003, 12, 'Diós árok'),
(227, 'Kosztolányi Dezső', 1979, 11, 'Kosztolányi Dezső tér'),
(228, 'Kovács Ákos síremléke', NULL, 8, 'Kerepesi temető'),
(229, 'Kovács Béla', 2002, 5, 'Kossuth Lajos tér'),
(230, 'Kölcsey Ferenc', 1939, 1, 'Batthyány tér'),
(231, 'Kölcsey Ferenc', 1845, 1, 'Magyar Nemzeti Galéria'),
(232, 'Kölcsey Ferenc', 2006, 20, 'Topánka utca'),
(233, 'Könyves Kálmán', 1906, 14, 'Hősök tere'),
(234, 'Közlekedési balesetek áldozatainak emlékműve', 1996, 3, 'Szőlő utca'),
(235, 'Kőfaragó', NULL, 11, 'Bartók Béla út'),
(236, 'Krisztus', NULL, 5, 'Szent István tér'),
(237, 'Kubikus', NULL, 6, 'Kmety György utca'),
(238, 'Kutyás lány', 2007, 5, 'Duna-korzó'),
(239, 'Kürtösök', 1969, 14, 'Róna utca'),
(240, 'Küzdelem', 1972, 14, 'Uzsoki utca'),
(241, 'Lajos kútja', 1904, 1, 'Corvin tér'),
(242, 'Lantot pengető nő', 1966, 2, 'Árpád fejedelem útja'),
(243, 'Latabár Kálmán', 2002, 9, 'Nemzeti Színház'),
(244, 'Lángot tartó nő', 1975, 2, 'Vérhalom tér'),
(245, 'Lány galambbal', 1958, 10, 'Üllői út'),
(246, 'Lányka csikóval', 1965, 11, 'Jubileumi park'),
(247, 'Leányka', 1978, 2, 'Frankel Leó út'),
(248, 'Leányka', 1959, 10, 'Szárnyas utca'),
(249, 'Leányka kút', 1973, 2, 'Fillér utca'),
(250, 'Lebegés', 1983, 4, 'Nyár utca'),
(251, 'Lechner Ödön', 1936, 9, 'Üllői út'),
(252, 'Lendvay Márton', 1859, 1, 'Országház utca'),
(253, 'Liszt Ferenc', 1986, 6, 'Liszt Ferenc tér'),
(254, 'Liszt Ferenc', 1904, 6, 'Liszt Ferenc tér'),
(255, 'Liszt Ferenc', 1884, 6, 'Andrássy út'),
(256, 'Lotz Károly síremléke', 1930, 8, 'Kerepesi temető'),
(257, 'Lovacskák', 1965, 11, 'Jubileumi park'),
(258, 'Lovag és heroldja', 1983, 1, 'Fehérvári rondella'),
(259, 'Lovas', 1977, 14, 'Nezsider park'),
(260, 'Lukács György emlékmű', 1985, 13, 'Szent István park'),
(261, 'Mackó', 1961, 11, 'Kosztolányi Dezső tér'),
(262, 'Mackó bácsi mesél a gyerekeknek', 1933, 12, 'Németvölgyi út'),
(263, 'Mackós kút', 1956, 2, 'Nagy Imre tér'),
(264, 'Mackó úrfi Róka komával', 1934, 1, 'Hunfalvy utcai park'),
(265, 'Madách Imre', 1973, 13, 'Margitsziget'),
(266, 'Magdolna', NULL, 1, 'Magyar Nemzeti Galéria'),
(267, 'Magyar Hajdúk Emlékköve', 1936, 1, 'Lovas út'),
(268, 'Magyar Igazság kútja', 1929, 8, 'Szabó Ervin tér'),
(269, 'Major Tamás', 2002, 9, 'Nemzeti Színház'),
(270, 'Mansfeld Péter emlékmű', 2007, 1, 'Szabó Ilonka utca'),
(271, 'Mansfeld Péter emlékmű', 2004, 2, 'Veronika park'),
(272, 'Márai Sándor mellszobor', 2001, 1, 'Mikó utca'),
(273, 'Mária Terézia', 1911, 14, 'Hősök tere'),
(274, 'II. András (II. Endre)', 1912, 14, 'Hősök tere'),
(275, 'II. János Pál pápa', 2008, 7, 'Szent István tér'),
(276, 'II. Rákóczi Ferenc', 1953, 14, 'Hősök tere'),
(277, 'II. Rákóczi Ferenc', 1937, 5, 'Kossuth Lajos tér'),
(278, 'II. Szilveszter', 2001, 11, 'Bartók Béla út'),
(279, 'Mathias Rex dombormű', NULL, 6, 'Kmety György utca'),
(280, 'Mátyás király', 1905, 14, 'Hősök tere'),
(281, 'Mátyás kút', 1904, 1, 'Hunyadi udvar'),
(282, 'Mechwart András mellszobor', 1965, 2, 'Mechwart liget'),
(283, 'Merkur', 1981, 1, 'Szentháromság tér'),
(284, 'Mikszáth Kálmán', 1960, 8, 'Mikszáth Kálmán tér'),
(285, 'Mindszenty József', 2009, 16, 'Templom tér'),
(286, 'Minerva', NULL, 11, 'Rezeda utca'),
(287, 'Minerva és Apolló', 1991, 5, 'József Attila utca'),
(288, 'Monda', 1980, 11, 'Tétényi út'),
(289, 'Moszkva téri díszkút', NULL, 2, 'Moszkva tér'),
(290, 'Móricz Zsigmond', 2004, 11, 'Móricz Zsigmond körtér'),
(291, 'Munka és jólét', 1908, 14, 'Hősök tere'),
(292, 'Munkások', 1982, 13, 'Váci út'),
(293, 'Műegyetem hősi halottainak emléke', 1927, 11, 'Budafoki út'),
(294, 'Nagyatádi Szabó István', 1932, 5, 'Kossuth tér'),
(295, 'Nagy Imre emlékmű', 1996, 5, 'Vértanúk tere'),
(296, 'Nagy Lajos', 1927, 14, 'Hősök tere'),
(297, 'Napozó', 1937, 13, 'Margitsziget'),
(298, 'Napozók', 1968, 2, 'Zivatar utca'),
(299, 'IV. Béla', 1905, 14, 'Hősök tere'),
(300, 'Nepomuki Szent János', NULL, 1, 'Haydn park'),
(301, 'Nepomuki Szent János', NULL, 12, 'Diós árok'),
(302, 'Nereidák kútja', 1835, 5, 'Ferenciek tere'),
(303, 'Néger fiú', 1967, 11, 'Váli utca'),
(304, 'Németh László', 2006, 2, 'Pasaréti út'),
(305, 'Népitánc', 1967, 11, 'Fehérvári út'),
(306, 'Névtelen hősök emlékére 1914-1918', 1924, 8, 'Ludovika tér'),
(307, 'Női szobor', NULL, 8, 'Kerepesi temető'),
(308, 'Olof Palme emlékkő', 1987, 14, 'Olof Palme sétány'),
(309, 'Olvasó lány', 1954, 13, 'Tomori köz'),
(310, 'Olvasó lányok', 1954, 11, 'Villányi út'),
(311, 'Olvasó lányok', 1929, 14, 'Olof Palme sétány'),
(312, 'Orvosok hősi emléke', 1942, 8, 'Üllői út'),
(313, 'Öntőmunkás', 1913, 2, 'Bem József utca'),
(314, 'Őrangyal', 2006, 11, 'Hóvirág utca'),
(315, 'Őshajó', 2001, 13, 'Béke tér'),
(316, 'Pallas Athene', 1784, 1, 'Szentháromság tér'),
(317, 'Partizán', 1971, 4, 'Berda József utca'),
(318, 'Pálosok kútja', 1916, 5, 'Papnövelde utca'),
(319, 'Pál utcai fiúk', 2007, 8, 'Práter utca'),
(320, 'Pányvavető', 1928, 14, 'Olof Palme sétány'),
(321, 'Párka', 1889, 8, 'Kerepesi temető'),
(322, 'Pázmány Péter', 1914, 8, 'Horváth Mihály tér'),
(323, 'Pecz Samu kút', 1929, 1, 'Szilágyi Dezső tér'),
(324, 'Pelikán', 1958, 10, 'Szárnyas utca'),
(325, 'Perseus', 1878, 1, 'Magyar Nemzeti Galéria'),
(326, 'Pesti srác', 1996, 8, 'Corvin köz'),
(327, 'Petőfi', 1882, 5, 'Petőfi tér'),
(328, 'Petőfi-emlékmű', 1949, 5, 'Károlyi Mihály utca'),
(329, 'Petőfi Sándor', 2002, 20, 'Kossuth Lajos tér'),
(330, 'Pihenő nő', 1955, 14, 'Laky Adolf utca'),
(331, 'Pingvinek', 1958, 10, 'Szárnyas utca'),
(332, 'báró Podmaniczky Frigyes emlék szobor', 1991, 5, 'Podmaniczky Frigyes tér'),
(333, 'Polipölő', 1928, 1, 'Hunyadi János út'),
(334, 'Pósa Lajos', 1930, 14, 'Városliget'),
(335, 'Przemysl 1914-1915', 1932, 2, 'Margit-híd'),
(336, 'P. Szathmáry Károly', 1931, 1, 'Gránit lépcső'),
(337, 'Puskás Tivadar mellszobor', 2006, 1, 'Krisztina körút'),
(338, 'Radnóti Miklós', 2009, 6, 'Nagymező utca'),
(339, 'Rákászfiú', 1926, 13, 'Margitsziget'),
(340, 'Rollerező', 2008, 5, 'Duna utca'),
(341, 'Ronald Reagan', 2006, 14, 'Churchill sétány'),
(342, 'Rózsa Ferenc emlékkút', 1966, 7, 'Jósika utca'),
(343, 'Rudnay síremlék terve', 1983, 6, 'Kmety György utca'),
(344, 'Rudolf trónörökös', 1908, 14, 'Városliget'),
(345, 'Ruttkai Éva', 2002, 9, 'Nemzeti Színház'),
(346, 'Salamon Ferenc mellszobor', 1902, 5, 'Roosevelt tér'),
(347, 'Savoyai Jenő (Savoyai Eugen)', 1900, 1, 'Budavári Királyi Palota'),
(348, 'Sárkányölő Szent György', NULL, 1, 'Szent György tér'),
(349, 'Sárkányölő Szent György', NULL, 1, 'Halászbástya'),
(350, 'Sárkányölő Szent György', NULL, 6, 'Kmety György utca'),
(351, 'Semmelweis Ignác', 1906, 8, 'Gyulai Pál utca'),
(352, 'Semmelweis Ignác', 2004, 8, 'Üllői út'),
(353, 'Sevcsenko, Tarasz', 2007, 2, 'Fő utca'),
(354, 'Shakespeare, William', 2003, 5, 'Marriott Hotel'),
(355, 'Sinkovits Imre', 2002, 9, 'Nemzeti Színház'),
(356, 'Soós Imre', 2002, 9, 'Nemzeti Színház'),
(357, 'Spartacus', 1956, 14, 'Kerepesi út'),
(358, 'Sportlovas', 1954, 2, 'Germanus Gyula park'),
(359, 'Stephenson, George', NULL, 8, 'Baross tér'),
(360, 'Sportoló férfi', 1958, 2, 'Pasaréti út'),
(361, 'Sportoló nő', 1958, 2, 'Pasaréti út'),
(362, 'Szabadság emlékmű Lány galambbal', 1962, 22, 'Városház tér'),
(363, 'Szabadság-szobor', 1947, 11, 'Gellérthegy'),
(364, 'Szabó Dezső-emlék emlékmű', 1990, 11, 'Gellérthegy'),
(365, 'Szabó Ilona emléktábla', 1994, 8, 'Corvin köz'),
(366, 'Szarvas', 1981, 2, 'Margit körút'),
(367, 'Szarvas Gábor mellszobor mellékalakkal', 1899, 5, 'Roosevelt tér'),
(368, 'Szendergő', 1970, 20, 'Jókai Mór utca'),
(369, 'Szent Alajos', NULL, 5, 'Szent István tér'),
(370, 'Szent Antal', NULL, 5, 'Szent István tér'),
(371, 'Szent Gellért', 1904, 1, 'Gellérthegy'),
(372, 'Szent Gellért', NULL, 5, 'Szent István tér'),
(373, 'Szent Gellért kút', 1943, 11, 'Gellérthegy'),
(374, 'Szentháromság szobor', NULL, 1, 'Szentháromság tér'),
(375, 'Szent Hedvig', 2009, 5, 'Március 15. tér'),
(376, 'Szent Imre', NULL, 5, 'Szent István tér'),
(377, 'Szent Imre szoborcsoport', 1930, 11, 'Móricz Zsigmond körtér'),
(378, 'Szent István', 1906, 1, 'Halászbástya'),
(379, 'Szent István', NULL, 5, 'Szent István tér'),
(380, 'Szent István', 2001, 11, 'Sziklakápolna'),
(381, 'Szent István', 1911, 14, 'Hősök tere'),
(382, 'Szent Kinga', 2002, 5, 'Március 15. tér'),
(383, 'Szent Kristóf', 1913, 14, 'Városliget'),
(384, 'Szent László', 1911, 14, 'Hősök tere'),
(385, 'Szent László', 1940, 10, 'Szent László tér'),
(386, 'Szent Vincze emlékoszlop', 2005, 11, 'Kemenes utca'),
(387, 'gróf Széchényi Ferencz', 1902, 8, 'Múzeum körút'),
(388, 'gróf Széchenyi István', 1880, 5, 'Roosevelt tér'),
(389, 'gróf Széchenyi István', 1993, 1, 'Krisztina tér'),
(390, 'gróf Széchenyi István', 2003, 20, 'Kossuth Lajos utca'),
(391, 'Szélkakas', 1965, 11, 'Jubileumi park'),
(392, 'Szfinx', NULL, 6, 'Andrássy út'),
(393, 'Szilágyi Erzsébet emlékkút', 1968, 2, 'Szilágyi Erzsébet fasor'),
(394, 'Színház című szobor', 2004, 6, 'Nagymező utca'),
(395, 'SZIR', 1970, 13, 'Szent István park'),
(396, 'Szitakötők', 1979, 1, 'Mikó utca'),
(397, 'Szondy György', 1958, 6, 'Kodály körönd'),
(398, 'Szovjet hősi emlékmű', 1945, 5, 'Szabadság tér'),
(399, 'Szovjet hősi emlékmű', 1972, 12, 'Hegyalja út'),
(400, 'Szűz Mária', 1939, 2, 'Pasaréti tér'),
(401, 'Szűz Mária', NULL, 5, 'Szent István tér'),
(402, 'Tanárok hősi emléke', 1936, 8, 'Múzeum körút'),
(403, 'Tanítás', 1966, 11, 'Bartók Béla út'),
(404, 'Tarnói Huley - Rakovszky síremlék', 1912, 8, 'Kerepesi temető'),
(405, 'Tavasz', 1961, 5, 'Deák tér'),
(406, 'Tavasz', 1979, 8, 'Práter utca'),
(407, 'Tábori vadászok emlékműve', 1940, 12, 'Városmajor'),
(408, 'Táltos', 2000, 6, 'Váci út'),
(409, 'Táncoló lányok', 1956, 11, 'Baranyai út'),
(410, 'Táncosnő', 1954, 7, 'Madách Imre tér'),
(411, 'Táncsics Mihály', 1968, 1, 'Ostrom utca'),
(412, 'Társadalmi munkás lány', 1961, 11, 'Feneketlen tó'),
(413, 'Teiresziász', 2005, 5, 'Kossuth-tér'),
(414, 'Tengerészemlék emlékmű', 1993, 5, 'Dunakorzó'),
(415, 'Tessedik Sámuel mellszobor', 1971, 14, 'Széchenyi sziget'),
(416, 'XI. Ince pápa', 1936, 1, 'Hess András tér'),
(417, 'Thököly Imre', 1954, 14, 'Hősök tere'),
(418, 'Timár József', 2002, 9, 'Nemzeti Színház'),
(419, 'Tinódi Lantos Sebestyén', 1907, 10, 'Könyves Kálmán körút'),
(420, 'Tóth Ilona', 2001, 8, 'Nagyvárad tér'),
(421, 'Trefort Ágoston', 1904, 8, 'Múzeum körút'),
(422, 'Treichlinger József síremléke', NULL, 8, 'Kerepesi temető'),
(423, 'Triga', NULL, 5, 'Néprajzi Múzeum'),
(424, 'Tudás és dicsőség', 1908, 14, 'Hősök tere'),
(425, 'Turul madár', 1905, 1, 'Várnegyed'),
(426, 'Turulmadaras emlékmű', 2005, 12, 'Böszörményi út'),
(427, 'Tűzoltók hősi emléke', 1942, 4, 'Szent László tér'),
(428, 'Ülő fiú', 1961, 11, 'Bartók Béla út'),
(429, 'Ülő fiú', 1961, 11, 'Kosztolányi Dezső tér'),
(430, 'Ülő lány', 1960, 11, 'Baranyai út'),
(431, 'Ülő lány', 1932, 13, 'Margitsziget'),
(432, 'Ülő lány', 1958, 14, 'Kerepesi út'),
(433, 'Ülő nő', 1961, 1, 'Haydn park'),
(434, 'Ülő nő', 1964, 14, 'Balázs park'),
(435, 'Ürgeöntő gyerekek', 1896, 5, 'Vigadó tér'),
(436, 'Vak Bottyán', 1958, 6, 'Kodály körönd'),
(437, 'Várakozók', 1986, 3, 'Fő tér'),
(438, 'Vecchio Rezső síremléke', NULL, 8, 'Kerepesi temető'),
(439, 'Veres Pálné Beniczky Hermin', 1905, 5, 'Veres Pálné utca'),
(440, 'Veres Pálné Beniczky Hermin', 1905, 6, 'Kmety György utca'),
(441, 'Véradó', 1965, 11, 'Diószegi út'),
(442, 'Vilmos-huszárok emlékműve', 1930, 5, 'Szervita tér'),
(443, 'Virág Benedek', 1971, 1, 'Szarvas tér'),
(444, 'Vízbelépő', 1958, 4, 'Szent Imre utca'),
(445, 'Vízi csúszda', NULL, 8, 'József körút'),
(446, 'Vízjáték', 1976, 1, 'Tárnok utca'),
(447, 'Vörösmarty Mihály', 1908, 5, 'Vörösmarty tér'),
(448, 'Vuk Karadzic emlék-mellszobor', 1987, 1, 'Szarvas tér'),
(449, 'Wallenberg emlékmű', 1987, 2, 'Szilágyi Erzsébet fasor'),
(450, 'Wallenberg emlékmű', 1945, 13, 'Szent István park'),
(451, 'Washington', 1906, 14, 'Washington sétány'),
(452, 'Watt, James', NULL, 8, 'Baross tér'),
(453, 'Wesselényi-emlék dombormű', 1905, 5, 'Kossuth Lajos utca'),
(454, 'Wodiáner Albert emlékszobor', 1912, 12, 'Diós árok'),
(455, 'Ybl Miklós', 1896, 1, 'Ybl Miklós tér'),
(456, 'Zádor Gyöngyi síremléke', NULL, 8, 'Kerepesi temető'),
(457, 'Zamenhof emlékszobor', 1999, 1, 'Eszperantó park'),
(458, 'Zichy Nándor gróf', 1930, 8, 'Lőrinc pap tér'),
(459, 'Zrínyi Miklós', 1902, 6, 'Kodály körönd'),
(460, 'Zsákhordó', 1948, 13, 'Szent István park'),
(461, 'Zsigmondy Vilmos mellszobor', 1895, 14, 'Kós Károly sétány');

--
-- Indexek a kiírt táblákhoz
--

--
-- A tábla indexei `alkoto`
--
ALTER TABLE `alkoto`
  ADD PRIMARY KEY (`id`);

--
-- A tábla indexei `anyag`
--
ALTER TABLE `anyag`
  ADD PRIMARY KEY (`id`);

--
-- A tábla indexei `szobor`
--
ALTER TABLE `szobor`
  ADD PRIMARY KEY (`id`);

--
-- A kiírt táblák AUTO_INCREMENT értéke
--

--
-- AUTO_INCREMENT a táblához `alkoto`
--
ALTER TABLE `alkoto`
  MODIFY `id` int(11) NOT NULL AUTO_INCREMENT, AUTO_INCREMENT=473;

--
-- AUTO_INCREMENT a táblához `anyag`
--
ALTER TABLE `anyag`
  MODIFY `id` int(11) NOT NULL AUTO_INCREMENT, AUTO_INCREMENT=521;
COMMIT;
